Last updated on 2024-03-27 22:57:54 CET.
Flavor | Version | Tinstall | Tcheck | Ttotal | Status | Flags |
---|---|---|---|---|---|---|
r-devel-linux-x86_64-debian-clang | 2.0.0 | 100.01 | 162.40 | 262.41 | OK | |
r-devel-linux-x86_64-debian-gcc | 2.0.0 | 77.53 | 120.27 | 197.80 | OK | |
r-devel-linux-x86_64-fedora-clang | 2.0.0 | 399.40 | NOTE | |||
r-devel-linux-x86_64-fedora-gcc | 2.0.0 | 398.24 | OK | |||
r-devel-windows-x86_64 | 2.0.0 | 73.00 | 168.00 | 241.00 | NOTE | |
r-patched-linux-x86_64 | 2.0.0 | 89.71 | 159.63 | 249.34 | OK | |
r-release-linux-x86_64 | 2.0.0 | 88.82 | 161.67 | 250.49 | OK | |
r-release-macos-arm64 | 2.0.0 | 92.00 | NOTE | |||
r-release-macos-x86_64 | 2.0.0 | 162.00 | NOTE | |||
r-release-windows-x86_64 | 2.0.0 | 76.00 | 201.00 | 277.00 | NOTE | |
r-oldrel-macos-arm64 | 2.0.0 | 84.00 | NOTE | |||
r-oldrel-windows-x86_64 | 2.0.0 | 94.00 | 203.00 | 297.00 | NOTE |
Version: 2.0.0
Check: Rd cross-references
Result: NOTE
Undeclared packages ‘polymapR’, ‘BSgenome’ in Rd xrefs
Flavor: r-devel-linux-x86_64-fedora-clang
Version: 2.0.0
Check: installed package size
Result: NOTE
installed size is 5.4Mb
sub-directories of 1Mb or more:
extdata 2.8Mb
libs 1.2Mb
Flavors: r-devel-windows-x86_64, r-release-macos-arm64, r-release-macos-x86_64, r-release-windows-x86_64, r-oldrel-macos-arm64, r-oldrel-windows-x86_64
Version: 2.0.0
Check: package dependencies
Result: NOTE
Package suggested but not available for checking: ‘VariantAnnotation’
Flavors: r-release-macos-arm64, r-release-macos-x86_64
Version: 2.0.0
Check: Rd cross-references
Result: NOTE
Package unavailable to check Rd xrefs: ‘VariantAnnotation’
Flavors: r-release-macos-arm64, r-release-macos-x86_64