CRAN Package Check Results for Package polymapR

Last updated on 2019-08-23 22:50:06 CEST.

Flavor Version Tinstall Tcheck Ttotal Status Flags
r-devel-linux-x86_64-debian-clang 1.0.19 422.50 945.48 1367.98 NOTE
r-devel-linux-x86_64-debian-gcc 1.0.19 NOTE
r-devel-linux-x86_64-fedora-clang 1.0.19 1899.41 NOTE
r-devel-linux-x86_64-fedora-gcc 1.0.19 1955.48 NOTE
r-devel-windows-ix86+x86_64 1.0.19 604.00 682.00 1286.00 NOTE
r-patched-linux-x86_64 1.0.19 404.47 945.22 1349.69 OK
r-patched-solaris-x86 1.0.19 2154.10 NOTE
r-release-linux-x86_64 1.0.19 412.19 942.11 1354.30 OK
r-release-windows-ix86+x86_64 1.0.19 837.00 934.00 1771.00 NOTE
r-release-osx-x86_64 1.0.19 NOTE
r-oldrel-windows-ix86+x86_64 1.0.19 749.00 902.00 1651.00 NOTE
r-oldrel-osx-x86_64 1.0.19 NOTE

Check Details

Version: 1.0.19
Check: for non-standard things in the check directory
Result: NOTE
    Found the following files/directories:
     'LG1' 'LG2' 'LG3' 'LG3_homologue1_P1.pwd' 'LG4' 'LG5' 'TetraOrigin'
     'TetraploidSNPMap_QTLfiles' 'all_linkages_P1' 'mapping_files_MDSMap'
Flavors: r-devel-linux-x86_64-debian-clang, r-devel-linux-x86_64-debian-gcc, r-devel-linux-x86_64-fedora-clang, r-devel-linux-x86_64-fedora-gcc

Version: 1.0.19
Check: installed package size
Result: NOTE
     installed size is 10.1Mb
     sub-directories of 1Mb or more:
     R 6.9Mb
     data 2.5Mb
Flavors: r-devel-linux-x86_64-fedora-clang, r-devel-windows-ix86+x86_64, r-patched-solaris-x86, r-release-windows-ix86+x86_64, r-release-osx-x86_64, r-oldrel-windows-ix86+x86_64, r-oldrel-osx-x86_64