Last updated on 2023-09-24 22:59:47 CEST.
Flavor | Version | Tinstall | Tcheck | Ttotal | Status | Flags |
---|---|---|---|---|---|---|
r-devel-linux-x86_64-debian-clang | 1.1.3 | 534.01 | 1335.33 | 1869.34 | OK | |
r-devel-linux-x86_64-debian-gcc | 1.1.3 | 365.34 | 889.60 | 1254.94 | OK | |
r-devel-linux-x86_64-fedora-clang | 1.1.3 | 2575.39 | NOTE | |||
r-devel-linux-x86_64-fedora-gcc | 1.1.3 | 2565.60 | OK | |||
r-devel-windows-x86_64 | 1.1.3 | 357.00 | 615.00 | 972.00 | NOTE | |
r-patched-linux-x86_64 | 1.1.3 | 416.46 | 1266.47 | 1682.93 | OK | |
r-release-linux-x86_64 | 1.1.3 | 435.75 | 1299.34 | 1735.09 | OK | |
r-release-macos-arm64 | 1.1.3 | 535.00 | NOTE | |||
r-release-macos-x86_64 | 1.1.3 | 551.00 | NOTE | |||
r-release-windows-x86_64 | 1.1.3 | 442.00 | 843.00 | 1285.00 | NOTE | |
r-oldrel-macos-arm64 | 1.1.3 | 287.00 | NOTE | |||
r-oldrel-macos-x86_64 | 1.1.3 | 568.00 | NOTE | |||
r-oldrel-windows-x86_64 | 1.1.3 | 461.00 | 813.00 | 1274.00 | NOTE |
Version: 1.1.3
Check: installed package size
Result: NOTE
installed size is 11.8Mb
sub-directories of 1Mb or more:
R 6.3Mb
data 4.3Mb
Flavors: r-devel-linux-x86_64-fedora-clang, r-devel-windows-x86_64, r-release-macos-arm64, r-release-macos-x86_64, r-release-windows-x86_64, r-oldrel-macos-arm64, r-oldrel-macos-x86_64, r-oldrel-windows-x86_64