CRAN Package Check Results for Package polymapR

Last updated on 2021-09-25 22:54:15 CEST.

Flavor Version Tinstall Tcheck Ttotal Status Flags
r-devel-linux-x86_64-debian-clang 1.1.2 492.36 1208.80 1701.16 OK
r-devel-linux-x86_64-debian-gcc 1.1.2 387.03 844.49 1231.52 OK
r-devel-linux-x86_64-fedora-clang 1.1.2 2366.66 NOTE
r-devel-linux-x86_64-fedora-gcc 1.1.2 2354.49 OK
r-devel-windows-x86_64 1.1.2 499.00 746.00 1245.00 NOTE
r-devel-windows-x86_64-gcc10-UCRT 1.1.2 OK
r-patched-linux-x86_64 1.1.2 416.15 1157.91 1574.06 OK
r-patched-solaris-x86 1.1.2 2333.20 NOTE
r-release-linux-x86_64 1.1.2 466.15 1173.12 1639.27 OK
r-release-macos-arm64 1.1.2 NOTE
r-release-macos-x86_64 1.1.2 NOTE
r-release-windows-ix86+x86_64 1.1.2 843.00 772.00 1615.00 NOTE
r-oldrel-macos-x86_64 1.1.2 NOTE
r-oldrel-windows-ix86+x86_64 1.1.2 549.00 745.00 1294.00 NOTE

Check Details

Version: 1.1.2
Check: installed package size
Result: NOTE
     installed size is 12.1Mb
     sub-directories of 1Mb or more:
     R 6.5Mb
     data 4.6Mb
Flavors: r-devel-linux-x86_64-fedora-clang, r-devel-windows-x86_64, r-patched-solaris-x86, r-release-macos-arm64, r-release-macos-x86_64, r-release-windows-ix86+x86_64, r-oldrel-macos-x86_64, r-oldrel-windows-ix86+x86_64

Version: 1.1.2
Check: package dependencies
Result: NOTE
    Package suggested but not available for checking: ‘polyRAD’
Flavor: r-release-macos-arm64

Version: 1.1.2
Check: Rd cross-references
Result: NOTE
    Package unavailable to check Rd xrefs: ‘polyRAD’
Flavor: r-release-macos-arm64