CRAN Package Check Results for Package polymapR

Last updated on 2020-01-18 22:48:41 CET.

Flavor Version Tinstall Tcheck Ttotal Status Flags
r-devel-linux-x86_64-debian-clang 1.0.20 447.16 1066.48 1513.64 OK
r-devel-linux-x86_64-debian-gcc 1.0.20 349.34 750.67 1100.01 OK
r-devel-linux-x86_64-fedora-clang 1.0.20 2095.85 NOTE
r-devel-linux-x86_64-fedora-gcc 1.0.20 2046.25 NOTE
r-devel-windows-ix86+x86_64 1.0.20 864.00 1119.00 1983.00 NOTE
r-devel-windows-ix86+x86_64-gcc8 1.0.20 625.00 1109.00 1734.00 NOTE
r-patched-linux-x86_64 1.0.20 393.57 912.99 1306.56 OK
r-patched-solaris-x86 1.0.20 2064.60 NOTE
r-release-linux-x86_64 1.0.20 394.76 919.76 1314.52 OK
r-release-windows-ix86+x86_64 1.0.20 791.00 685.00 1476.00 NOTE
r-release-osx-x86_64 1.0.20 NOTE
r-oldrel-windows-ix86+x86_64 1.0.20 670.00 693.00 1363.00 NOTE
r-oldrel-osx-x86_64 1.0.20 NOTE

Check Details

Version: 1.0.20
Check: installed package size
Result: NOTE
     installed size is 11.1Mb
     sub-directories of 1Mb or more:
     R 6.4Mb
     data 4.0Mb
Flavors: r-devel-linux-x86_64-fedora-clang, r-devel-windows-ix86+x86_64, r-devel-windows-ix86+x86_64-gcc8, r-patched-solaris-x86, r-release-windows-ix86+x86_64, r-release-osx-x86_64, r-oldrel-windows-ix86+x86_64, r-oldrel-osx-x86_64

Version: 1.0.20
Check: dependencies in R code
Result: NOTE
    Namespace in Imports field not imported from: ‘combinat’
     All declared Imports should be used.
Flavors: r-devel-linux-x86_64-fedora-clang, r-devel-linux-x86_64-fedora-gcc, r-patched-solaris-x86

Version: 1.0.20
Check: dependencies in R code
Result: NOTE
    No protocol specified
    Namespace in Imports field not imported from: ‘combinat’
     All declared Imports should be used.
Flavors: r-release-osx-x86_64, r-oldrel-osx-x86_64