CRAN Package Check Results for Package polywog

Last updated on 2019-10-16 22:56:06 CEST.

Flavor Version Tinstall Tcheck Ttotal Status Flags
r-devel-linux-x86_64-debian-clang 0.4-1 57.69 68.21 125.90 OK
r-devel-linux-x86_64-debian-gcc 0.4-1 40.22 54.14 94.36 OK
r-devel-linux-x86_64-fedora-clang 0.4-1 176.10 OK
r-devel-linux-x86_64-fedora-gcc 0.4-1 157.53 OK
r-devel-windows-ix86+x86_64 0.4-1 136.00 158.00 294.00 OK
r-patched-linux-x86_64 0.4-1 47.01 67.33 114.34 OK
r-patched-solaris-x86 0.4-1 193.60 OK
r-release-linux-x86_64 0.4-1 43.76 67.42 111.18 OK
r-release-windows-ix86+x86_64 0.4-1 90.00 118.00 208.00 OK
r-release-osx-x86_64 0.4-1 FAIL
r-oldrel-windows-ix86+x86_64 0.4-1 80.00 115.00 195.00 OK
r-oldrel-osx-x86_64 0.4-1 OK

Check Details

Version: 0.4-1
Check: dependencies in R code
Result: FAIL
    
Flavor: r-release-osx-x86_64