CRAN Package Check Results for Package polywog

Last updated on 2019-07-17 22:54:36 CEST.

Flavor Version Tinstall Tcheck Ttotal Status Flags
r-devel-linux-x86_64-debian-clang 0.4-1 48.09 68.66 116.75 OK
r-devel-linux-x86_64-debian-gcc 0.4-1 40.12 54.78 94.90 OK
r-devel-linux-x86_64-fedora-clang 0.4-1 166.90 OK
r-devel-linux-x86_64-fedora-gcc 0.4-1 158.87 OK
r-devel-windows-ix86+x86_64 0.4-1 128.00 107.00 235.00 OK
r-patched-linux-x86_64 0.4-1 48.45 68.95 117.40 OK
r-patched-solaris-x86 0.4-1 194.70 OK
r-release-linux-x86_64 0.4-1 46.93 67.55 114.48 OK
r-release-windows-ix86+x86_64 0.4-1 84.00 113.00 197.00 OK
r-release-osx-x86_64 0.4-1 FAIL
r-oldrel-windows-ix86+x86_64 0.4-1 87.00 151.00 238.00 OK
r-oldrel-osx-x86_64 0.4-1 OK

Check Details

Version: 0.4-1
Check: dependencies in R code
Result: FAIL
    
Flavor: r-release-osx-x86_64