Last updated on 2022-07-06 21:53:47 CEST.
Flavor | Version | Tinstall | Tcheck | Ttotal | Status | Flags |
---|---|---|---|---|---|---|
r-devel-linux-x86_64-debian-clang | 0.2.1 | 15.91 | 162.81 | 178.72 | OK | |
r-devel-linux-x86_64-debian-gcc | 0.2.1 | 12.15 | 122.02 | 134.17 | OK | |
r-devel-linux-x86_64-fedora-clang | 0.2.1 | 232.25 | WARN | |||
r-devel-linux-x86_64-fedora-gcc | 0.2.1 | 228.92 | WARN | |||
r-devel-windows-x86_64 | 0.2.1 | 28.00 | 195.00 | 223.00 | OK | |
r-patched-linux-x86_64 | 0.2.1 | 11.77 | 157.04 | 168.81 | OK | |
r-release-linux-x86_64 | 0.2.1 | 10.02 | 155.96 | 165.98 | OK | |
r-release-macos-arm64 | 0.2.1 | 62.00 | OK | |||
r-release-macos-x86_64 | 0.2.1 | 109.00 | OK | |||
r-release-windows-x86_64 | 0.2.1 | 26.00 | 202.00 | 228.00 | OK | |
r-oldrel-macos-arm64 | 0.2.1 | 78.00 | OK | |||
r-oldrel-macos-x86_64 | 0.2.1 | 91.00 | OK | |||
r-oldrel-windows-ix86+x86_64 | 0.2.1 | 36.00 | 184.00 | 220.00 | OK |
Version: 0.2.1
Check: package dependencies
Result: WARN
Requires (indirectly) orphaned package: ‘gtools’
Flavors: r-devel-linux-x86_64-fedora-clang, r-devel-linux-x86_64-fedora-gcc