Last updated on 2024-04-17 23:00:02 CEST.
Flavor | Version | Tinstall | Tcheck | Ttotal | Status | Flags |
---|---|---|---|---|---|---|
r-devel-linux-x86_64-debian-clang | 0.1.3 | 124.98 | 55.81 | 180.79 | OK | |
r-devel-linux-x86_64-debian-gcc | 0.1.3 | 108.49 | 48.40 | 156.89 | OK | |
r-devel-linux-x86_64-fedora-clang | 0.1.3 | 254.63 | OK | |||
r-devel-linux-x86_64-fedora-gcc | 0.1.3 | 276.26 | OK | |||
r-prerel-macos-arm64 | 0.1.3 | 74.00 | NOTE | |||
r-prerel-windows-x86_64 | 0.1.3 | 94.00 | 86.00 | 180.00 | OK | |
r-patched-linux-x86_64 | 0.1.3 | 133.19 | 63.03 | 196.22 | OK | |
r-release-linux-x86_64 | 0.1.3 | 124.43 | 61.29 | 185.72 | OK | |
r-release-macos-arm64 | 0.1.3 | 69.00 | NOTE | |||
r-release-macos-x86_64 | 0.1.3 | 115.00 | NOTE | |||
r-release-windows-x86_64 | 0.1.3 | 121.00 | 99.00 | 220.00 | OK | |
r-oldrel-macos-arm64 | 0.1.3 | 82.00 | NOTE | |||
r-oldrel-windows-x86_64 | 0.1.3 | 111.00 | 98.00 | 209.00 | OK |
Version: 0.1.3
Check: installed package size
Result: NOTE
installed size is 19.4Mb
sub-directories of 1Mb or more:
libs 19.0Mb
Flavors: r-prerel-macos-arm64, r-release-macos-arm64, r-release-macos-x86_64, r-oldrel-macos-arm64