CRAN Package Check Results for Package poolfstat

Last updated on 2021-07-22 22:52:13 CEST.

Flavor Version Tinstall Tcheck Ttotal Status Flags
r-devel-linux-x86_64-debian-clang 2.0.0 42.99 159.20 202.19 OK
r-devel-linux-x86_64-debian-gcc 2.0.0 32.10 125.55 157.65 OK
r-devel-linux-x86_64-fedora-clang 2.0.0 263.41 NOTE
r-devel-linux-x86_64-fedora-gcc 2.0.0 247.49 NOTE
r-devel-windows-x86_64 2.0.0 46.00 155.00 201.00 OK
r-devel-windows-x86_64-gcc10-UCRT 2.0.0 NOTE
r-patched-linux-x86_64 2.0.0 OK
r-patched-solaris-x86 2.0.0 311.90 NOTE
r-release-linux-x86_64 2.0.0 36.42 157.77 194.19 OK
r-release-macos-arm64 2.0.0 NOTE
r-release-macos-x86_64 2.0.0 NOTE
r-release-windows-ix86+x86_64 2.0.0 100.00 217.00 317.00 OK
r-oldrel-macos-x86_64 2.0.0 NOTE
r-oldrel-windows-ix86+x86_64 2.0.0 81.00 264.00 345.00 OK

Check Details

Version: 2.0.0
Check: dependencies in R code
Result: NOTE
    Namespace in Imports field not imported from: ‘RcppProgress’
     All declared Imports should be used.
Flavors: r-devel-linux-x86_64-fedora-clang, r-devel-linux-x86_64-fedora-gcc, r-devel-windows-x86_64-gcc10-UCRT, r-patched-solaris-x86, r-release-macos-arm64, r-release-macos-x86_64, r-oldrel-macos-x86_64