Last updated on 2024-03-28 23:01:53 CET.
Flavor | Version | Tinstall | Tcheck | Ttotal | Status | Flags |
---|---|---|---|---|---|---|
r-devel-linux-x86_64-debian-clang | 1.3-1 | 12.06 | 131.91 | 143.97 | NOTE | |
r-devel-linux-x86_64-debian-gcc | 1.3-1 | 11.00 | 96.92 | 107.92 | NOTE | |
r-devel-linux-x86_64-fedora-clang | 1.3-1 | 173.64 | NOTE | |||
r-devel-linux-x86_64-fedora-gcc | 1.3-1 | 182.81 | NOTE | |||
r-devel-windows-x86_64 | 1.3-1 | 12.00 | 116.00 | 128.00 | NOTE | |
r-patched-linux-x86_64 | 1.3-1 | 15.11 | 123.12 | 138.23 | NOTE | |
r-release-linux-x86_64 | 1.3-1 | 13.89 | 123.83 | 137.72 | OK | |
r-release-macos-arm64 | 1.3-1 | 54.00 | NOTE | |||
r-release-macos-x86_64 | 1.3-1 | 90.00 | NOTE | |||
r-release-windows-x86_64 | 1.3-1 | 16.00 | 140.00 | 156.00 | NOTE | |
r-oldrel-macos-arm64 | 1.3-1 | 52.00 | NOTE | |||
r-oldrel-windows-x86_64 | 1.3-1 | 16.00 | 135.00 | 151.00 | NOTE |
Version: 1.3-1
Check: Rd files
Result: NOTE
checkRd: (-1) plot.tfam.Rd:17: Lost braces
17 | objects created using code{tfam_inertia}.}
| ^
checkRd: (-1) popdemo-package.Rd:32: Lost braces
32 | code{\link{inertia}} measures asymptotic population density relative to stable
| ^
checkRd: (-1) tfa_inertia.Rd:33: Lost braces
33 | item{inertia}{inertias of perturbed matrices}
| ^
checkRd: (-1) tfa_inertia.Rd:33: Lost braces
33 | item{inertia}{inertias of perturbed matrices}
| ^
Flavors: r-devel-linux-x86_64-debian-clang, r-devel-linux-x86_64-debian-gcc, r-devel-linux-x86_64-fedora-clang, r-devel-linux-x86_64-fedora-gcc, r-devel-windows-x86_64, r-patched-linux-x86_64
Version: 1.3-1
Check: installed package size
Result: NOTE
installed size is 5.4Mb
sub-directories of 1Mb or more:
doc 4.9Mb
Flavors: r-devel-linux-x86_64-fedora-clang, r-devel-windows-x86_64, r-release-macos-arm64, r-release-macos-x86_64, r-release-windows-x86_64, r-oldrel-macos-arm64, r-oldrel-windows-x86_64