Last updated on 2023-12-09 21:54:26 CET.
Flavor | Version | Tinstall | Tcheck | Ttotal | Status | Flags |
---|---|---|---|---|---|---|
r-devel-linux-x86_64-debian-clang | 1.3-1 | 12.38 | 130.88 | 143.26 | NOTE | |
r-devel-linux-x86_64-debian-gcc | 1.3-1 | 10.35 | 96.46 | 106.81 | NOTE | |
r-devel-linux-x86_64-fedora-clang | 1.3-1 | 174.92 | NOTE | |||
r-devel-linux-x86_64-fedora-gcc | 1.3-1 | 182.57 | OK | |||
r-devel-windows-x86_64 | 1.3-1 | 13.00 | 118.00 | 131.00 | NOTE | |
r-patched-linux-x86_64 | 1.3-1 | 15.34 | 125.54 | 140.88 | OK | |
r-release-linux-x86_64 | 1.3-1 | 14.33 | 123.31 | 137.64 | OK | |
r-release-macos-arm64 | 1.3-1 | 54.00 | NOTE | |||
r-release-macos-x86_64 | 1.3-1 | 90.00 | NOTE | |||
r-release-windows-x86_64 | 1.3-1 | 17.00 | 144.00 | 161.00 | NOTE | |
r-oldrel-macos-arm64 | 1.3-1 | 52.00 | NOTE | |||
r-oldrel-macos-x86_64 | 1.3-1 | 92.00 | NOTE | |||
r-oldrel-windows-x86_64 | 1.3-1 | 17.00 | 135.00 | 152.00 | NOTE |
Version: 1.3-1
Check: Rd files
Result: NOTE
checkRd: (-1) plot.tfam.Rd:17: Lost braces
17 | objects created using code{tfam_inertia}.}
| ^
checkRd: (-1) popdemo-package.Rd:32: Lost braces
32 | code{\link{inertia}} measures asymptotic population density relative to stable
| ^
checkRd: (-1) tfa_inertia.Rd:33: Lost braces
33 | item{inertia}{inertias of perturbed matrices}
| ^
checkRd: (-1) tfa_inertia.Rd:33: Lost braces
33 | item{inertia}{inertias of perturbed matrices}
| ^
Flavors: r-devel-linux-x86_64-debian-clang, r-devel-linux-x86_64-debian-gcc
Version: 1.3-1
Check: installed package size
Result: NOTE
installed size is 5.4Mb
sub-directories of 1Mb or more:
doc 4.9Mb
Flavors: r-devel-linux-x86_64-fedora-clang, r-devel-windows-x86_64, r-release-macos-arm64, r-release-macos-x86_64, r-release-windows-x86_64, r-oldrel-macos-arm64, r-oldrel-macos-x86_64, r-oldrel-windows-x86_64