Last updated on 2023-09-29 21:54:02 CEST.
Flavor | Version | Tinstall | Tcheck | Ttotal | Status | Flags |
---|---|---|---|---|---|---|
r-devel-linux-x86_64-debian-clang | 0.3.1 | 65.96 | 93.00 | 158.96 | OK | |
r-devel-linux-x86_64-debian-gcc | 0.3.1 | 47.72 | 70.17 | 117.89 | OK | |
r-devel-linux-x86_64-fedora-clang | 0.3.1 | 213.24 | OK | |||
r-devel-linux-x86_64-fedora-gcc | 0.3.1 | 218.22 | OK | |||
r-devel-windows-x86_64 | 0.3.1 | 50.00 | 103.00 | 153.00 | OK | |
r-patched-linux-x86_64 | 0.3.1 | 64.27 | 87.66 | 151.93 | OK | |
r-release-linux-x86_64 | 0.3.1 | 62.25 | 90.15 | 152.40 | OK | |
r-release-macos-arm64 | 0.3.1 | 71.00 | NOTE | |||
r-release-macos-x86_64 | 0.3.1 | 108.00 | NOTE | |||
r-release-windows-x86_64 | 0.3.1 | 65.00 | 121.00 | 186.00 | OK | |
r-oldrel-macos-arm64 | 0.3.1 | 65.00 | NOTE | |||
r-oldrel-macos-x86_64 | 0.3.1 | 70.00 | NOTE | |||
r-oldrel-windows-x86_64 | 0.3.1 | 59.00 | 129.00 | 188.00 | OK |
Version: 0.3.1
Check: package dependencies
Result: NOTE
Package suggested but not available for checking: ‘ragt2ridges’
Flavor: r-release-macos-arm64
Version: 0.3.1
Check: installed package size
Result: NOTE
installed size is 6.8Mb
sub-directories of 1Mb or more:
libs 6.5Mb
Flavors: r-release-macos-arm64, r-release-macos-x86_64, r-oldrel-macos-arm64, r-oldrel-macos-x86_64
Version: 0.3.1
Check: Rd cross-references
Result: NOTE
Package unavailable to check Rd xrefs: ‘ragt2ridges’
Flavor: r-release-macos-arm64
Version: 0.3.1
Check: package dependencies
Result: NOTE
Packages suggested but not available for checking:
'rags2ridges', 'ragt2ridges'
Flavor: r-release-macos-x86_64
Version: 0.3.1
Check: Rd cross-references
Result: NOTE
Packages unavailable to check Rd xrefs: ‘rags2ridges’, ‘ragt2ridges’
Flavor: r-release-macos-x86_64