CRAN Package Check Results for Package portalr

Last updated on 2020-02-17 22:49:42 CET.

Flavor Version Tinstall Tcheck Ttotal Status Flags
r-devel-linux-x86_64-debian-clang 0.3.1 6.26 262.34 268.60 OK
r-devel-linux-x86_64-debian-gcc 0.3.1 5.29 212.62 217.91 OK
r-devel-linux-x86_64-fedora-clang 0.3.1 331.10 OK
r-devel-linux-x86_64-fedora-gcc 0.3.1 311.24 OK
r-devel-windows-ix86+x86_64 0.3.1 15.00 268.00 283.00 OK
r-devel-windows-ix86+x86_64-gcc8 0.3.1 19.00 295.00 314.00 OK
r-patched-linux-x86_64 0.3.1 5.23 247.73 252.96 OK
r-patched-solaris-x86 0.3.1 534.90 OK
r-release-linux-x86_64 0.3.1 5.46 244.59 250.05 OK
r-release-windows-ix86+x86_64 0.3.1 10.00 260.00 270.00 OK
r-release-osx-x86_64 0.3.1 OK
r-oldrel-windows-ix86+x86_64 0.3.1 6.00 241.00 247.00 ERROR
r-oldrel-osx-x86_64 0.3.1 OK

Check Details

Version: 0.3.1
Check: tests
Result: ERROR
     Running 'testthat.R' [187s]
    Running the tests in 'tests/testthat.R' failed.
    Complete output:
     > library(testthat)
     > library(portalr)
     >
     > test_check("portalr")
     -- 1. Error: (unknown) (@test-11-phenocam.R#4) --------------------------------
     cannot open the connection
     Backtrace:
     1. portalr::phenocam("daily", path = portal_data_path)
     5. utils::read.csv(...)
     6. utils::read.table(...)
     8. base::open.connection(file, "rt")
    
     -- 2. Error: data generated by default setting is same (phenocam) -------------
     cannot open the connection
     Backtrace:
     1. portalr::phenocam(path = portal_data_path)
     5. utils::read.csv(...)
     6. utils::read.table(...)
     8. base::open.connection(file, "rt")
    
     == testthat results ===========================================================
     [ OK: 189 | SKIPPED: 10 | WARNINGS: 2 | FAILED: 2 ]
     1. Error: (unknown) (@test-11-phenocam.R#4)
     2. Error: data generated by default setting is same (phenocam)
    
     Error: testthat unit tests failed
     In addition: Warning message:
     In type.convert(data[[i]], as.is = as.is[i], dec = dec, numerals = numerals, :
     closing unused connection 4 (http://phenocam.sr.unh.edu/data/archive/portal/ROI/portal_SH_1000_1day.csv)
     Execution halted
Flavor: r-oldrel-windows-ix86+x86_64