Last updated on 2024-04-23 22:55:32 CEST.
Flavor | Version | Tinstall | Tcheck | Ttotal | Status | Flags |
---|---|---|---|---|---|---|
r-devel-linux-x86_64-debian-clang | 1.0-0 | 5.43 | 612.07 | 617.50 | NOTE | |
r-devel-linux-x86_64-debian-gcc | 1.0-0 | 4.43 | 381.41 | 385.84 | NOTE | |
r-devel-linux-x86_64-fedora-clang | 1.0-0 | 611.41 | NOTE | |||
r-devel-linux-x86_64-fedora-gcc | 1.0-0 | 672.25 | NOTE | |||
r-prerel-macos-arm64 | 1.0-0 | 181.00 | NOTE | |||
r-prerel-windows-x86_64 | 1.0-0 | 76.00 | 299.00 | 375.00 | NOTE | |
r-patched-linux-x86_64 | 1.0-0 | 5.44 | 560.26 | 565.70 | NOTE | |
r-release-linux-x86_64 | 1.0-0 | 3.91 | 534.51 | 538.42 | NOTE | |
r-release-macos-arm64 | 1.0-0 | 161.00 | NOTE | |||
r-release-macos-x86_64 | 1.0-0 | 282.00 | NOTE | |||
r-release-windows-x86_64 | 1.0-0 | 100.00 | 360.00 | 460.00 | NOTE | |
r-oldrel-macos-arm64 | 1.0-0 | 165.00 | OK | |||
r-oldrel-windows-x86_64 | 1.0-0 | 100.00 | 603.00 | 703.00 | OK |
Version: 1.0-0
Check: package subdirectories
Result: NOTE
Problems with news in ‘NEWS.md’:
No news entries found.
Flavors: r-devel-linux-x86_64-debian-clang, r-devel-linux-x86_64-debian-gcc, r-devel-linux-x86_64-fedora-clang, r-devel-linux-x86_64-fedora-gcc, r-prerel-macos-arm64, r-prerel-windows-x86_64, r-patched-linux-x86_64, r-release-linux-x86_64, r-release-macos-arm64, r-release-macos-x86_64, r-release-windows-x86_64