CRAN Package Check Results for Package posterdown

Last updated on 2021-12-03 22:57:50 CET.

Flavor Version Tinstall Tcheck Ttotal Status Flags
r-devel-linux-x86_64-debian-clang 1.0 2.19 21.79 23.98 NOTE
r-devel-linux-x86_64-debian-gcc 1.0 1.36 17.40 18.76 NOTE
r-devel-linux-x86_64-fedora-clang 1.0 40.08 NOTE
r-devel-linux-x86_64-fedora-gcc 1.0 29.52 NOTE
r-devel-windows-x86_64-new-UL 1.0 7.00 61.00 68.00 NOTE
r-devel-windows-x86_64-new-TK 1.0 NOTE
r-devel-windows-x86_64-old 1.0 4.00 32.00 36.00 NOTE
r-patched-linux-x86_64 1.0 6.79 20.54 27.33 NOTE
r-release-linux-x86_64 1.0 2.04 20.63 22.67 NOTE
r-release-macos-arm64 1.0 NOTE
r-release-macos-x86_64 1.0 NOTE
r-release-windows-ix86+x86_64 1.0 5.00 41.00 46.00 NOTE
r-oldrel-macos-x86_64 1.0 OK
r-oldrel-windows-ix86+x86_64 1.0 6.00 39.00 45.00 OK

Check Details

Version: 1.0
Check: LazyData
Result: NOTE
     'LazyData' is specified without a 'data' directory
Flavors: r-devel-linux-x86_64-debian-clang, r-devel-linux-x86_64-debian-gcc, r-devel-linux-x86_64-fedora-clang, r-devel-linux-x86_64-fedora-gcc, r-devel-windows-x86_64-new-UL, r-devel-windows-x86_64-new-TK, r-devel-windows-x86_64-old, r-patched-linux-x86_64, r-release-linux-x86_64, r-release-macos-arm64, r-release-macos-x86_64, r-release-windows-ix86+x86_64