CRAN Package Check Results for Package postpack

Last updated on 2021-05-09 22:47:07 CEST.

Flavor Version Tinstall Tcheck Ttotal Status Flags
r-devel-linux-x86_64-debian-clang 0.5.2 2.88 38.13 41.01 OK
r-devel-linux-x86_64-debian-gcc 0.5.2 2.69 30.10 32.79 OK
r-devel-linux-x86_64-fedora-clang 0.5.2 59.85 NOTE
r-devel-linux-x86_64-fedora-gcc 0.5.2 50.94 OK
r-devel-windows-ix86+x86_64 0.5.2 5.00 59.00 64.00 OK
r-devel-windows-x86_64-gcc10-UCRT 0.5.2 OK
r-patched-linux-x86_64 0.5.2 3.24 36.98 40.22 OK
r-patched-solaris-x86 0.5.2 72.00 OK
r-release-linux-x86_64 0.5.2 3.31 36.90 40.21 OK
r-release-macos-x86_64 0.5.2 OK
r-release-windows-ix86+x86_64 0.5.2 5.00 43.00 48.00 OK
r-oldrel-macos-x86_64 0.5.2 OK
r-oldrel-windows-ix86+x86_64 0.5.2 5.00 53.00 58.00 OK

Check Details

Version: 0.5.2
Check: Rd cross-references
Result: NOTE
    Undeclared packages ‘rstan’, ‘R2WinBUGS’, ‘R2jags’, ‘R2OpenBUGS’, ‘nimble’, ‘rjags’, ‘jagsUI’ in Rd xrefs
Flavor: r-devel-linux-x86_64-fedora-clang