Last updated on 2024-04-23 22:55:32 CEST.
Flavor | Version | Tinstall | Tcheck | Ttotal | Status | Flags |
---|---|---|---|---|---|---|
r-devel-linux-x86_64-debian-clang | 0.5.4 | 3.90 | 51.46 | 55.36 | OK | |
r-devel-linux-x86_64-debian-gcc | 0.5.4 | 2.99 | 38.53 | 41.52 | OK | |
r-devel-linux-x86_64-fedora-clang | 0.5.4 | 69.02 | OK | |||
r-devel-linux-x86_64-fedora-gcc | 0.5.4 | 79.69 | OK | |||
r-prerel-macos-arm64 | 0.5.4 | 33.00 | OK | |||
r-prerel-windows-x86_64 | 0.5.4 | 4.00 | 64.00 | 68.00 | OK | |
r-patched-linux-x86_64 | 0.5.4 | 3.74 | 48.21 | 51.95 | OK | |
r-release-linux-x86_64 | 0.5.4 | 3.69 | 46.30 | 49.99 | OK | |
r-release-macos-arm64 | 0.5.4 | 33.00 | OK | |||
r-release-macos-x86_64 | 0.5.4 | 47.00 | NOTE | |||
r-release-windows-x86_64 | 0.5.4 | 5.00 | 70.00 | 75.00 | OK | |
r-oldrel-macos-arm64 | 0.5.4 | 25.00 | OK | |||
r-oldrel-windows-x86_64 | 0.5.4 | 5.00 | 69.00 | 74.00 | OK |
Version: 0.5.4
Check: package dependencies
Result: NOTE
Package suggested but not available for checking: ‘rstan’
Flavor: r-release-macos-x86_64
Version: 0.5.4
Check: Rd cross-references
Result: NOTE
Package unavailable to check Rd xrefs: ‘rstan’
Flavor: r-release-macos-x86_64