CRAN Package Check Results for Package potential

Last updated on 2021-10-20 23:50:20 CEST.

Flavor Version Tinstall Tcheck Ttotal Status Flags
r-devel-linux-x86_64-debian-clang 0.1.0 4.77 99.38 104.15 OK
r-devel-linux-x86_64-debian-gcc 0.1.0 3.65 71.99 75.64 OK
r-devel-linux-x86_64-fedora-clang 0.1.0 135.28 OK
r-devel-linux-x86_64-fedora-gcc 0.1.0 125.94 OK
r-devel-windows-x86_64 0.1.0 10.00 108.00 118.00 OK
r-devel-windows-x86_64-gcc10-UCRT 0.1.0 OK
r-patched-linux-x86_64 0.1.0 4.62 93.72 98.34 OK
r-patched-solaris-x86 0.1.0 122.10 ERROR
r-release-linux-x86_64 0.1.0 4.50 94.40 98.90 OK
r-release-macos-arm64 0.1.0 OK
r-release-macos-x86_64 0.1.0 OK
r-release-windows-ix86+x86_64 0.1.0 11.00 124.00 135.00 OK
r-oldrel-macos-x86_64 0.1.0 OK
r-oldrel-windows-ix86+x86_64 0.1.0 14.00 125.00 139.00 OK

Check Details

Version: 0.1.0
Check: examples
Result: ERROR
    Running examples in ‘potential-Ex.R’ failed
    The error most likely occurred in:
    
    > ### Name: create_matrix
    > ### Title: Create a Distance Matrix Between Two Spatial Objects
    > ### Aliases: create_matrix
    >
    > ### ** Examples
    >
    > g <- create_grid(x = n3_poly, res = 200000)
    > mat <- create_matrix(x = n3_pt, y = g)
    Warning in CPL_transform(x, crs, aoi, pipeline, reverse, desired_accuracy, :
     GDAL Error 1: No PROJ.4 translation for source SRS, coordinate transformation initialization has failed.
    Error in CPL_transform(x, crs, aoi, pipeline, reverse, desired_accuracy, :
     OGRCreateCoordinateTransformation(): transformation not available
    Calls: create_matrix ... st_transform.sfc -> st_sfc -> structure -> CPL_transform
    Execution halted
Flavor: r-patched-solaris-x86

Version: 0.1.0
Check: tests
Result: ERROR
     Running ‘tinytest.R’ [9s/11s]
    Running the tests in ‘tests/tinytest.R’ failed.
    Complete output:
     >
     > if (requireNamespace("tinytest", quietly = TRUE)) {
     + tinytest::test_package("potential")
     + }
    
     test_curv.R................... 0 tests
     test_curv.R................... 0 tests
     test_curv.R................... 1 tests <1b>[0;32mOK<1b>[0m
     test_curv.R................... 2 tests <1b>[0;32mOK<1b>[0m
     test_curv.R................... 3 tests <1b>[0;32mOK<1b>[0m
     test_curv.R................... 3 tests <1b>[0;32mOK<1b>[0m
     test_curv.R................... 4 tests <1b>[0;32mOK<1b>[0m
     test_curv.R................... 5 tests <1b>[0;31m1 fails<1b>[0m
     test_curv.R................... 5 tests <1b>[0;31m1 fails<1b>[0m
     test_curv.R................... 6 tests <1b>[0;31m1 fails<1b>[0m Error in CPL_transform(x, crs, aoi, pipeline, reverse, desired_accuracy, :
     OGRCreateCoordinateTransformation(): transformation not available
     Calls: <Anonymous> ... st_transform.sfc -> st_sfc -> structure -> CPL_transform
     In addition: Warning message:
     In CPL_transform(x, crs, aoi, pipeline, reverse, desired_accuracy, :
     GDAL Error 1: No PROJ.4 translation for source SRS, coordinate transformation initialization has failed.
     Execution halted
Flavor: r-patched-solaris-x86