CRAN Package Check Results for Package powdR

Last updated on 2021-11-27 22:57:06 CET.

Flavor Version Tinstall Tcheck Ttotal Status Flags
r-devel-linux-x86_64-debian-clang 1.3.0 OK
r-devel-linux-x86_64-debian-gcc 1.3.0 8.06 154.17 162.23 OK
r-devel-linux-x86_64-fedora-clang 1.3.0 280.74 NOTE
r-devel-linux-x86_64-fedora-gcc 1.3.0 263.34 OK
r-devel-windows-x86_64-new-UL 1.3.0 28.00 289.00 317.00 OK
r-devel-windows-x86_64-new-TK 1.3.0 OK
r-devel-windows-x86_64-old 1.3.0 16.00 289.00 305.00 OK
r-patched-linux-x86_64 1.3.0 9.94 208.65 218.59 OK
r-patched-solaris-x86 1.3.0 136.00 NOTE
r-release-linux-x86_64 1.3.0 OK
r-release-macos-arm64 1.3.0 OK
r-release-macos-x86_64 1.3.0 OK
r-release-windows-ix86+x86_64 1.3.0 20.00 218.00 238.00 OK
r-oldrel-macos-x86_64 1.3.0 OK
r-oldrel-windows-ix86+x86_64 1.3.0 20.00 282.00 302.00 OK

Check Details

Version: 1.3.0
Check: installed package size
Result: NOTE
     installed size is 5.0Mb
     sub-directories of 1Mb or more:
     data 1.1Mb
     doc 3.0Mb
Flavors: r-devel-linux-x86_64-fedora-clang, r-patched-solaris-x86