CRAN Package Check Results for Package powerbydesign

Last updated on 2024-07-23 22:49:47 CEST.

Flavor Version Tinstall Tcheck Ttotal Status Flags
r-devel-linux-x86_64-debian-clang 1.0.5 2.40 29.05 31.45 NOTE
r-devel-linux-x86_64-debian-gcc 1.0.5 1.86 22.72 24.58 NOTE
r-devel-linux-x86_64-fedora-clang 1.0.5 40.44 NOTE
r-devel-linux-x86_64-fedora-gcc 1.0.5 38.15 NOTE
r-devel-windows-x86_64 1.0.5 4.00 49.00 53.00 NOTE
r-patched-linux-x86_64 1.0.5 2.46 28.68 31.14 NOTE
r-release-linux-x86_64 1.0.5 1.92 28.82 30.74 NOTE
r-release-macos-arm64 1.0.5 19.00 NOTE
r-release-macos-x86_64 1.0.5 27.00 NOTE
r-release-windows-x86_64 1.0.5 3.00 49.00 52.00 NOTE
r-oldrel-macos-arm64 1.0.5 19.00 NOTE
r-oldrel-macos-x86_64 1.0.5 23.00 NOTE
r-oldrel-windows-x86_64 1.0.5 4.00 51.00 55.00 NOTE

Check Details

Version: 1.0.5
Check: LazyData
Result: NOTE 'LazyData' is specified without a 'data' directory Flavors: r-devel-linux-x86_64-debian-clang, r-devel-linux-x86_64-debian-gcc, r-devel-linux-x86_64-fedora-clang, r-devel-linux-x86_64-fedora-gcc, r-devel-windows-x86_64, r-patched-linux-x86_64, r-release-linux-x86_64, r-release-macos-arm64, r-release-macos-x86_64, r-release-windows-x86_64, r-oldrel-macos-arm64, r-oldrel-macos-x86_64, r-oldrel-windows-x86_64