CRAN Package Check Results for Package ppclust

Last updated on 2019-09-20 22:50:10 CEST.

Flavor Version Tinstall Tcheck Ttotal Status Flags
r-devel-linux-x86_64-debian-clang 0.1.3 10.60 226.34 236.94 OK
r-devel-linux-x86_64-debian-gcc 0.1.3 7.78 162.68 170.46 OK
r-devel-linux-x86_64-fedora-clang 0.1.3 257.94 OK
r-devel-linux-x86_64-fedora-gcc 0.1.3 265.54 OK
r-devel-windows-ix86+x86_64 0.1.3 19.00 300.00 319.00 OK
r-patched-linux-x86_64 0.1.3 8.47 219.51 227.98 OK
r-patched-solaris-x86 0.1.3 326.10 NOTE
r-release-linux-x86_64 0.1.3 9.58 223.97 233.55 OK
r-release-windows-ix86+x86_64 0.1.3 17.00 307.00 324.00 OK
r-release-osx-x86_64 0.1.3 OK
r-oldrel-windows-ix86+x86_64 0.1.3 11.00 225.00 236.00 OK
r-oldrel-osx-x86_64 0.1.3 OK

Check Details

Version: 0.1.3
Check: installed package size
Result: NOTE
     installed size is 5.2Mb
     sub-directories of 1Mb or more:
     doc 4.6Mb
Flavor: r-patched-solaris-x86