CRAN Package Check Results for Package ppclust

Last updated on 2021-10-25 23:52:55 CEST.

Flavor Version Tinstall Tcheck Ttotal Status Flags
r-devel-linux-x86_64-debian-clang 1.1.0 10.12 176.76 186.88 OK
r-devel-linux-x86_64-debian-gcc 1.1.0 8.43 125.98 134.41 OK
r-devel-linux-x86_64-fedora-clang 1.1.0 223.56 NOTE
r-devel-linux-x86_64-fedora-gcc 1.1.0 216.61 OK
r-devel-windows-x86_64 1.1.0 15.00 155.00 170.00 OK
r-devel-windows-x86_64-gcc10-UCRT 1.1.0 OK
r-patched-linux-x86_64 1.1.0 9.19 171.26 180.45 OK
r-patched-solaris-x86 1.1.0 145.30 OK
r-release-linux-x86_64 1.1.0 10.30 173.90 184.20 OK
r-release-macos-arm64 1.1.0 OK
r-release-macos-x86_64 1.1.0 OK
r-release-windows-ix86+x86_64 1.1.0 12.00 228.00 240.00 OK
r-oldrel-macos-x86_64 1.1.0 OK
r-oldrel-windows-ix86+x86_64 1.1.0 17.00 216.00 233.00 OK

Check Details

Version: 1.1.0
Check: Rd cross-references
Result: NOTE
    Undeclared package ‘advclust’ in Rd xrefs
Flavor: r-devel-linux-x86_64-fedora-clang