CRAN Package Check Results for Package ppseq

Last updated on 2021-11-26 23:03:34 CET.

Flavor Version Tinstall Tcheck Ttotal Status Flags
r-devel-linux-x86_64-debian-clang 0.1.1 7.36 301.58 308.94 OK
r-devel-linux-x86_64-debian-gcc 0.1.1 6.60 229.19 235.79 OK
r-devel-linux-x86_64-fedora-clang 0.1.1 359.95 NOTE
r-devel-linux-x86_64-fedora-gcc 0.1.1 371.34 OK
r-devel-windows-x86_64-new-UL 0.1.1 18.00 428.00 446.00 NOTE
r-devel-windows-x86_64-new-TK 0.1.1 OK
r-devel-windows-x86_64-old 0.1.1 11.00 442.00 453.00 NOTE
r-patched-linux-x86_64 0.1.1 6.75 299.27 306.02 OK
r-patched-solaris-x86 0.1.1 574.80 NOTE
r-release-linux-x86_64 0.1.1 OK
r-release-macos-arm64 0.1.1 NOTE
r-release-macos-x86_64 0.1.1 NOTE
r-release-windows-ix86+x86_64 0.1.1 20.00 346.00 366.00 NOTE
r-oldrel-macos-x86_64 0.1.1 NOTE
r-oldrel-windows-ix86+x86_64 0.1.1 20.00 431.00 451.00 NOTE

Check Details

Version: 0.1.1
Check: installed package size
Result: NOTE
     installed size is 5.4Mb
     sub-directories of 1Mb or more:
     doc 5.2Mb
Flavors: r-devel-linux-x86_64-fedora-clang, r-devel-windows-x86_64-new-UL, r-devel-windows-x86_64-old, r-patched-solaris-x86, r-release-macos-arm64, r-release-macos-x86_64, r-release-windows-ix86+x86_64, r-oldrel-macos-x86_64, r-oldrel-windows-ix86+x86_64