Last updated on 2024-04-17 23:00:02 CEST.
Flavor | Version | Tinstall | Tcheck | Ttotal | Status | Flags |
---|---|---|---|---|---|---|
r-devel-linux-x86_64-debian-clang | 0.2.4 | 7.69 | 568.65 | 576.34 | OK | |
r-devel-linux-x86_64-debian-gcc | 0.2.4 | 6.83 | 400.94 | 407.77 | OK | |
r-devel-linux-x86_64-fedora-clang | 0.2.4 | 655.34 | NOTE | |||
r-devel-linux-x86_64-fedora-gcc | 0.2.4 | 654.53 | OK | |||
r-prerel-macos-arm64 | 0.2.4 | 190.00 | NOTE | |||
r-prerel-macos-x86_64 | 0.2.4 | 544.00 | NOTE | |||
r-prerel-windows-x86_64 | 0.2.4 | 9.00 | 433.00 | 442.00 | NOTE | |
r-patched-linux-x86_64 | 0.2.4 | 7.98 | 544.41 | 552.39 | OK | |
r-release-linux-x86_64 | 0.2.4 | 5.76 | 520.43 | 526.19 | OK | |
r-release-macos-arm64 | 0.2.4 | 192.00 | NOTE | |||
r-release-macos-x86_64 | 0.2.4 | 487.00 | NOTE | |||
r-release-windows-x86_64 | 0.2.4 | 12.00 | 537.00 | 549.00 | NOTE | |
r-oldrel-macos-arm64 | 0.2.4 | 179.00 | NOTE | |||
r-oldrel-windows-x86_64 | 0.2.4 | 12.00 | 540.00 | 552.00 | NOTE |
Version: 0.2.4
Check: installed package size
Result: NOTE
installed size is 11.0Mb
sub-directories of 1Mb or more:
doc 10.5Mb
Flavors: r-devel-linux-x86_64-fedora-clang, r-prerel-macos-arm64, r-prerel-macos-x86_64, r-prerel-windows-x86_64, r-release-macos-arm64, r-release-macos-x86_64, r-release-windows-x86_64, r-oldrel-macos-arm64, r-oldrel-windows-x86_64