CRAN Package Check Results for Package prabclus

Last updated on 2021-06-19 22:56:38 CEST.

Flavor Version Tinstall Tcheck Ttotal Status Flags
r-devel-linux-x86_64-debian-clang 2.3-2 9.04 91.04 100.08 OK
r-devel-linux-x86_64-debian-gcc 2.3-2 6.81 66.82 73.63 OK
r-devel-linux-x86_64-fedora-clang 2.3-2 129.17 OK
r-devel-linux-x86_64-fedora-gcc 2.3-2 118.71 OK
r-devel-windows-x86_64 2.3-2 12.00 113.00 125.00 OK
r-devel-windows-x86_64-gcc10-UCRT 2.3-2 ERROR
r-patched-linux-x86_64 2.3-2 11.12 86.28 97.40 OK
r-patched-solaris-x86 2.3-2 158.20 OK
r-release-linux-x86_64 2.3-2 9.01 87.96 96.97 OK
r-release-macos-arm64 2.3-2 ERROR
r-release-macos-x86_64 2.3-2 OK
r-release-windows-ix86+x86_64 2.3-2 13.00 111.00 124.00 OK
r-oldrel-macos-x86_64 2.3-2 OK
r-oldrel-windows-ix86+x86_64 2.3-2 11.00 121.00 132.00 OK

Check Details

Version: 2.3-2
Check: package dependencies
Result: NOTE
    Packages suggested but not available for checking: 'spdep', 'spatialreg'
Flavors: r-devel-windows-x86_64-gcc10-UCRT, r-release-macos-arm64

Version: 2.3-2
Check: Rd cross-references
Result: NOTE
    Package unavailable to check Rd xrefs: 'spdep'
Flavors: r-devel-windows-x86_64-gcc10-UCRT, r-release-macos-arm64

Version: 2.3-2
Check: tests
Result: ERROR
     Running 'donttestexamples.R'
     Running 'prabclustests.R'
    Running the tests in 'tests/prabclustests.R' failed.
    Last 13 lines of output:
     > data(veronica)
     > vnb <- coord2dist(coordmatrix=veronica.coord[1:50,], cut=20,
     + file.format="decimal2",neighbors=TRUE)
     > vei <- prabinit(prabmatrix=veronica[1:50,],
     + neighborhood=vnb$nblist,nbbetweenregions=FALSE,
     + distance="jaccard")
     > print(vei)
     Presence-absence matrix object with
     50 species and 583 regions,
     including species/individuals neighborhoods and
     between-species distance matrix of type jaccard .
     >
     > library(spdep)
     Error in library(spdep) : there is no package called 'spdep'
     Execution halted
Flavor: r-devel-windows-x86_64-gcc10-UCRT

Version: 2.3-2
Check: tests
Result: ERROR
     Running ‘donttestexamples.R’ [1s/1s]
     Running ‘prabclustests.R’ [1s/1s]
    Running the tests in ‘tests/prabclustests.R’ failed.
    Last 13 lines of output:
     > data(veronica)
     > vnb <- coord2dist(coordmatrix=veronica.coord[1:50,], cut=20,
     + file.format="decimal2",neighbors=TRUE)
     > vei <- prabinit(prabmatrix=veronica[1:50,],
     + neighborhood=vnb$nblist,nbbetweenregions=FALSE,
     + distance="jaccard")
     > print(vei)
     Presence-absence matrix object with
     50 species and 583 regions,
     including species/individuals neighborhoods and
     between-species distance matrix of type jaccard .
     >
     > library(spdep)
     Error in library(spdep) : there is no package called 'spdep'
     Execution halted
Flavor: r-release-macos-arm64