CRAN Package Check Results for Package praise

Last updated on 2023-09-28 23:08:54 CEST.

Flavor Version Tinstall Tcheck Ttotal Status Flags
r-devel-linux-x86_64-debian-clang 1.0.0 1.87 26.64 28.51 NOTE
r-devel-linux-x86_64-debian-gcc 1.0.0 1.51 20.71 22.22 NOTE
r-devel-linux-x86_64-fedora-clang 1.0.0 34.64 NOTE
r-devel-linux-x86_64-fedora-gcc 1.0.0 35.15 NOTE
r-devel-windows-x86_64 1.0.0 2.00 43.00 45.00 NOTE
r-patched-linux-x86_64 1.0.0 1.80 25.56 27.36 NOTE
r-release-linux-x86_64 1.0.0 1.86 26.20 28.06 NOTE
r-release-macos-arm64 1.0.0 19.00 NOTE
r-release-macos-x86_64 1.0.0 22.00 NOTE
r-release-windows-x86_64 1.0.0 2.00 42.00 44.00 NOTE
r-oldrel-macos-arm64 1.0.0 19.00 NOTE
r-oldrel-macos-x86_64 1.0.0 23.00 NOTE
r-oldrel-windows-x86_64 1.0.0 4.00 47.00 51.00 NOTE

Check Details

Version: 1.0.0
Check: LazyData
Result: NOTE
     'LazyData' is specified without a 'data' directory
Flavors: r-devel-linux-x86_64-debian-clang, r-devel-linux-x86_64-debian-gcc, r-devel-linux-x86_64-fedora-clang, r-devel-linux-x86_64-fedora-gcc, r-devel-windows-x86_64, r-patched-linux-x86_64, r-release-linux-x86_64, r-release-macos-arm64, r-release-macos-x86_64, r-release-windows-x86_64, r-oldrel-macos-arm64, r-oldrel-macos-x86_64, r-oldrel-windows-x86_64