CRAN Package Check Results for Package prcr

Last updated on 2021-11-26 23:03:34 CET.

Flavor Version Tinstall Tcheck Ttotal Status Flags
r-devel-linux-x86_64-debian-clang 0.2.1 5.59 57.91 63.50 OK
r-devel-linux-x86_64-debian-gcc 0.2.1 3.37 44.33 47.70 OK
r-devel-linux-x86_64-fedora-clang 0.2.1 84.92 NOTE
r-devel-linux-x86_64-fedora-gcc 0.2.1 72.74 NOTE
r-devel-windows-x86_64-new-UL 0.2.1 14.00 98.00 112.00 OK
r-devel-windows-x86_64-new-TK 0.2.1 NOTE
r-devel-windows-x86_64-old 0.2.1 8.00 82.00 90.00 OK
r-patched-linux-x86_64 0.2.1 4.99 53.56 58.55 OK
r-patched-solaris-x86 0.2.1 97.60 NOTE
r-release-linux-x86_64 0.2.1 OK
r-release-macos-arm64 0.2.1 NOTE
r-release-macos-x86_64 0.2.1 NOTE
r-release-windows-ix86+x86_64 0.2.1 14.00 59.00 73.00 OK
r-oldrel-macos-x86_64 0.2.1 NOTE
r-oldrel-windows-ix86+x86_64 0.2.1 14.00 81.00 95.00 OK

Check Details

Version: 0.2.1
Check: dependencies in R code
Result: NOTE
    Namespaces in Imports field not imported from:
     ‘class’ ‘forcats’ ‘irr’ ‘lpSolve’ ‘purrr’
     All declared Imports should be used.
Flavors: r-devel-linux-x86_64-fedora-clang, r-devel-linux-x86_64-fedora-gcc, r-devel-windows-x86_64-new-TK, r-patched-solaris-x86, r-release-macos-arm64, r-release-macos-x86_64, r-oldrel-macos-x86_64