CRAN Package Check Results for Package pre

Last updated on 2021-09-18 23:50:02 CEST.

Flavor Version Tinstall Tcheck Ttotal Status Flags
r-devel-linux-x86_64-debian-clang 1.0.1 12.45 134.78 147.23 OK
r-devel-linux-x86_64-debian-gcc 1.0.1 9.95 100.68 110.63 OK
r-devel-linux-x86_64-fedora-clang 1.0.1 183.75 NOTE
r-devel-linux-x86_64-fedora-gcc 1.0.1 172.14 OK
r-devel-windows-x86_64 1.0.1 13.00 177.00 190.00 OK
r-devel-windows-x86_64-gcc10-UCRT 1.0.1 OK
r-patched-linux-x86_64 1.0.1 15.00 129.26 144.26 OK
r-patched-solaris-x86 1.0.1 247.80 OK
r-release-linux-x86_64 1.0.1 12.02 128.10 140.12 OK
r-release-macos-arm64 1.0.1 OK
r-release-macos-x86_64 1.0.1 OK
r-release-windows-ix86+x86_64 1.0.1 28.00 134.00 162.00 OK
r-oldrel-macos-x86_64 1.0.1 OK
r-oldrel-windows-ix86+x86_64 1.0.1 25.00 126.00 151.00 OK

Check Details

Version: 1.0.1
Check: Rd cross-references
Result: NOTE
    Undeclared package ‘colorspace’ in Rd xrefs
Flavor: r-devel-linux-x86_64-fedora-clang