CRAN Package Check Results for Package precrec

Last updated on 2021-12-08 22:57:45 CET.

Flavor Version Tinstall Tcheck Ttotal Status Flags
r-devel-linux-x86_64-debian-clang 0.12.7 47.60 174.46 222.06 OK
r-devel-linux-x86_64-debian-gcc 0.12.7 37.90 132.99 170.89 OK
r-devel-linux-x86_64-fedora-clang 0.12.7 281.20 OK
r-devel-linux-x86_64-fedora-gcc 0.12.7 263.51 OK
r-devel-windows-x86_64-new-UL 0.12.7 69.00 256.00 325.00 OK
r-devel-windows-x86_64-new-TK 0.12.7 OK
r-devel-windows-x86_64-old 0.12.7 63.00 159.00 222.00 OK
r-patched-linux-x86_64 0.12.7 43.05 159.30 202.35 OK
r-release-linux-x86_64 0.12.7 42.80 158.63 201.43 OK
r-release-macos-arm64 0.12.7 NOTE
r-release-macos-x86_64 0.12.7 OK
r-release-windows-ix86+x86_64 0.12.7 82.00 239.00 321.00 OK
r-oldrel-macos-x86_64 0.12.7 OK
r-oldrel-windows-ix86+x86_64 0.12.7 114.00 275.00 389.00 OK

Check Details

Version: 0.12.7
Check: installed package size
Result: NOTE
     installed size is 5.2Mb
     sub-directories of 1Mb or more:
     libs 3.4Mb
Flavor: r-release-macos-arm64