CRAN Package Check Results for Package predictoR

Last updated on 2019-08-23 22:50:06 CEST.

Flavor Version Tinstall Tcheck Ttotal Status Flags
r-devel-linux-x86_64-debian-clang 1.1.0 2.45 16.94 19.39 OK
r-devel-linux-x86_64-debian-gcc 1.1.0 OK
r-devel-linux-x86_64-fedora-clang 1.1.0 24.27 NOTE
r-devel-linux-x86_64-fedora-gcc 1.1.0 23.40 NOTE
r-devel-windows-ix86+x86_64 1.1.0 10.00 45.00 55.00 OK
r-patched-linux-x86_64 1.1.0 1.72 16.62 18.34 OK
r-patched-solaris-x86 1.1.0 35.10 NOTE
r-release-linux-x86_64 1.1.0 1.90 17.01 18.91 OK
r-release-windows-ix86+x86_64 1.1.0 15.00 49.00 64.00 OK
r-release-osx-x86_64 1.1.0 NOTE
r-oldrel-windows-ix86+x86_64 1.1.0 6.00 41.00 47.00 OK
r-oldrel-osx-x86_64 1.1.0 NOTE

Check Details

Version: 1.1.0
Check: dependencies in R code
Result: NOTE
    Namespaces in Imports field not imported from:
     ‘DT’ ‘ROCR’ ‘ada’ ‘colourpicker’ ‘corrplot’ ‘e1071’ ‘flexdashboard’
     ‘glmnet’ ‘kknn’ ‘neuralnet’ ‘randomForest’ ‘rattle’ ‘rpart’
     ‘shinyAce’ ‘shinyWidgets’ ‘shinydashboardPlus’ ‘shinyjs’ ‘tidyverse’
     ‘xgboost’ ‘zip’
     All declared Imports should be used.
Flavors: r-devel-linux-x86_64-fedora-clang, r-devel-linux-x86_64-fedora-gcc, r-patched-solaris-x86, r-release-osx-x86_64, r-oldrel-osx-x86_64