CRAN Package Check Results for Package predictoR

Last updated on 2020-01-17 22:51:02 CET.

Flavor Version Tinstall Tcheck Ttotal Status Flags
r-devel-linux-x86_64-debian-clang 1.1.0 2.17 17.89 20.06 OK
r-devel-linux-x86_64-debian-gcc 1.1.0 1.92 14.23 16.15 OK
r-devel-linux-x86_64-fedora-clang 1.1.0 26.18 NOTE
r-devel-linux-x86_64-fedora-gcc 1.1.0 24.68 NOTE
r-devel-windows-ix86+x86_64 1.1.0 14.00 42.00 56.00 OK
r-devel-windows-ix86+x86_64-gcc8 1.1.0 12.00 46.00 58.00 OK
r-patched-linux-x86_64 1.1.0 1.71 16.33 18.04 OK
r-patched-solaris-x86 1.1.0 36.50 NOTE
r-release-linux-x86_64 1.1.0 1.84 16.15 17.99 OK
r-release-windows-ix86+x86_64 1.1.0 12.00 34.00 46.00 OK
r-release-osx-x86_64 1.1.0 NOTE
r-oldrel-windows-ix86+x86_64 1.1.0 5.00 44.00 49.00 OK
r-oldrel-osx-x86_64 1.1.0 NOTE

Check Details

Version: 1.1.0
Check: dependencies in R code
Result: NOTE
    Namespaces in Imports field not imported from:
     ‘DT’ ‘ROCR’ ‘ada’ ‘colourpicker’ ‘corrplot’ ‘e1071’ ‘flexdashboard’
     ‘glmnet’ ‘kknn’ ‘neuralnet’ ‘randomForest’ ‘rattle’ ‘rpart’
     ‘shinyAce’ ‘shinyWidgets’ ‘shinydashboardPlus’ ‘shinyjs’ ‘tidyverse’
     ‘xgboost’ ‘zip’
     All declared Imports should be used.
Flavors: r-devel-linux-x86_64-fedora-clang, r-devel-linux-x86_64-fedora-gcc, r-patched-solaris-x86, r-release-osx-x86_64, r-oldrel-osx-x86_64