CRAN Package Check Results for Package predictrace

Last updated on 2023-10-04 00:01:56 CEST.

Flavor Version Tinstall Tcheck Ttotal Status Flags
r-devel-linux-x86_64-debian-clang 2.0.1 13.75 47.40 61.15 OK
r-devel-linux-x86_64-debian-gcc 2.0.1 13.73 38.23 51.96 OK
r-devel-linux-x86_64-fedora-clang 2.0.1 80.93 OK
r-devel-linux-x86_64-fedora-gcc 2.0.1 91.77 OK
r-devel-windows-x86_64 2.0.1 17.00 60.00 77.00 OK
r-patched-linux-x86_64 2.0.1 15.00 47.16 62.16 OK
r-release-linux-x86_64 2.0.1 15.91 47.87 63.78 OK
r-release-macos-arm64 2.0.1 37.00 NOTE
r-release-macos-x86_64 2.0.1 87.00 NOTE
r-release-windows-x86_64 2.0.1 23.00 66.00 89.00 OK
r-oldrel-macos-arm64 2.0.1 38.00 NOTE
r-oldrel-macos-x86_64 2.0.1 49.00 OK
r-oldrel-windows-x86_64 2.0.1 23.00 67.00 90.00 OK

Check Details

Version: 2.0.1
Check: installed package size
Result: NOTE
     installed size is 5.9Mb
     sub-directories of 1Mb or more:
     R 3.0Mb
     data 2.8Mb
Flavors: r-release-macos-arm64, r-release-macos-x86_64, r-oldrel-macos-arm64