Last updated on 2024-04-23 22:55:32 CEST.
Flavor | Version | Tinstall | Tcheck | Ttotal | Status | Flags |
---|---|---|---|---|---|---|
r-devel-linux-x86_64-debian-clang | 2.0.1 | 15.88 | 50.79 | 66.67 | OK | |
r-devel-linux-x86_64-debian-gcc | 2.0.1 | 13.69 | 39.32 | 53.01 | OK | |
r-devel-linux-x86_64-fedora-clang | 2.0.1 | 85.26 | OK | |||
r-devel-linux-x86_64-fedora-gcc | 2.0.1 | 93.93 | OK | |||
r-prerel-macos-arm64 | 2.0.1 | 44.00 | NOTE | |||
r-prerel-windows-x86_64 | 2.0.1 | 17.00 | 59.00 | 76.00 | OK | |
r-patched-linux-x86_64 | 2.0.1 | 15.73 | 48.61 | 64.34 | OK | |
r-release-linux-x86_64 | 2.0.1 | 13.93 | 47.43 | 61.36 | OK | |
r-release-macos-arm64 | 2.0.1 | 37.00 | NOTE | |||
r-release-macos-x86_64 | 2.0.1 | 87.00 | NOTE | |||
r-release-windows-x86_64 | 2.0.1 | 22.00 | 67.00 | 89.00 | OK | |
r-oldrel-macos-arm64 | 2.0.1 | 38.00 | NOTE | |||
r-oldrel-windows-x86_64 | 2.0.1 | 23.00 | 68.00 | 91.00 | OK |
Version: 2.0.1
Check: installed package size
Result: NOTE
installed size is 5.9Mb
sub-directories of 1Mb or more:
R 3.0Mb
data 2.8Mb
Flavors: r-prerel-macos-arm64, r-release-macos-arm64, r-release-macos-x86_64, r-oldrel-macos-arm64