CRAN Package Check Results for Package predictrace

Last updated on 2024-02-28 22:59:28 CET.

Flavor Version Tinstall Tcheck Ttotal Status Flags
r-devel-linux-x86_64-debian-clang 2.0.1 16.49 48.59 65.08 OK
r-devel-linux-x86_64-debian-gcc 2.0.1 14.23 38.06 52.29 OK
r-devel-linux-x86_64-fedora-clang 2.0.1 80.50 OK
r-devel-linux-x86_64-fedora-gcc 2.0.1 91.00 OK
r-devel-windows-x86_64 2.0.1 16.00 60.00 76.00 OK
r-patched-linux-x86_64 2.0.1 16.13 47.18 63.31 OK
r-release-linux-x86_64 2.0.1 14.62 47.92 62.54 OK
r-release-macos-arm64 2.0.1 37.00 NOTE
r-release-macos-x86_64 2.0.1 87.00 NOTE
r-release-windows-x86_64 2.0.1 21.00 63.00 84.00 OK
r-oldrel-macos-arm64 2.0.1 38.00 NOTE
r-oldrel-windows-x86_64 2.0.1 23.00 71.00 94.00 OK

Check Details

Version: 2.0.1
Check: installed package size
Result: NOTE installed size is 5.9Mb sub-directories of 1Mb or more: R 3.0Mb data 2.8Mb Flavors: r-release-macos-arm64, r-release-macos-x86_64, r-oldrel-macos-arm64