CRAN Package Check Results for Package predkmeans

Last updated on 2021-05-06 22:55:30 CEST.

Flavor Version Tinstall Tcheck Ttotal Status Flags
r-devel-linux-x86_64-debian-clang 0.1.1 31.06 41.51 72.57 NOTE
r-devel-linux-x86_64-debian-gcc 0.1.1 21.19 31.49 52.68 NOTE
r-devel-linux-x86_64-fedora-clang 0.1.1 106.50 NOTE
r-devel-linux-x86_64-fedora-gcc 0.1.1 91.34 NOTE
r-devel-windows-ix86+x86_64 0.1.1 60.00 92.00 152.00 NOTE
r-devel-windows-x86_64-gcc10-UCRT 0.1.1 NOTE
r-patched-linux-x86_64 0.1.1 30.18 40.15 70.33 NOTE
r-patched-solaris-x86 0.1.1 111.10 OK
r-release-linux-x86_64 0.1.1 23.97 39.08 63.05 OK
r-release-macos-x86_64 0.1.1 OK
r-release-windows-ix86+x86_64 0.1.1 60.00 72.00 132.00 OK
r-oldrel-macos-x86_64 0.1.1 OK
r-oldrel-windows-ix86+x86_64 0.1.1 69.00 65.00 134.00 OK

Check Details

Version: 0.1.1
Check: LazyData
Result: NOTE
     'LazyData' is specified without a 'data' directory
Flavors: r-devel-linux-x86_64-debian-clang, r-devel-linux-x86_64-debian-gcc, r-devel-linux-x86_64-fedora-clang, r-devel-linux-x86_64-fedora-gcc, r-devel-windows-ix86+x86_64, r-devel-windows-x86_64-gcc10-UCRT, r-patched-linux-x86_64