CRAN Package Check Results for Package prettycode

Last updated on 2025-01-22 22:51:36 CET.

Flavor Version Tinstall Tcheck Ttotal Status Flags
r-devel-linux-x86_64-debian-clang 1.1.0 2.10 21.04 23.14 OK
r-devel-linux-x86_64-debian-gcc 1.1.0 1.47 17.13 18.60 OK
r-devel-linux-x86_64-fedora-clang 1.1.0 38.02 OK
r-devel-linux-x86_64-fedora-gcc 1.1.0 35.04 OK
r-devel-windows-x86_64 1.1.0 3.00 53.00 56.00 OK
r-patched-linux-x86_64 1.1.0 1.98 20.39 22.37 NOTE
r-release-linux-x86_64 1.1.0 1.96 20.15 22.11 NOTE
r-release-macos-arm64 1.1.0 15.00 NOTE
r-release-macos-x86_64 1.1.0 23.00 NOTE
r-release-windows-x86_64 1.1.0 4.00 43.00 47.00 NOTE
r-oldrel-macos-arm64 1.1.0 17.00 NOTE
r-oldrel-macos-x86_64 1.1.0 22.00 NOTE
r-oldrel-windows-x86_64 1.1.0 3.00 46.00 49.00 NOTE

Check Details

Version: 1.1.0
Check: LazyData
Result: NOTE 'LazyData' is specified without a 'data' directory Flavors: r-patched-linux-x86_64, r-release-linux-x86_64, r-release-macos-arm64, r-release-macos-x86_64, r-release-windows-x86_64, r-oldrel-macos-arm64, r-oldrel-macos-x86_64, r-oldrel-windows-x86_64