CRAN Package Check Results for Package prevederer

Last updated on 2024-05-28 22:51:05 CEST.

Flavor Version Tinstall Tcheck Ttotal Status Flags
r-devel-linux-x86_64-debian-clang 0.0.1 2.56 24.95 27.51 NOTE
r-devel-linux-x86_64-debian-gcc 0.0.1 1.65 19.22 20.87 NOTE
r-devel-linux-x86_64-fedora-clang 0.0.1 34.38 NOTE
r-devel-linux-x86_64-fedora-gcc 0.0.1 32.69 NOTE
r-devel-windows-x86_64 0.0.1 4.00 44.00 48.00 NOTE
r-patched-linux-x86_64 0.0.1 2.40 23.71 26.11 NOTE
r-release-linux-x86_64 0.0.1 1.96 24.17 26.13 NOTE
r-release-macos-arm64 0.0.1 15.00 NOTE
r-release-windows-x86_64 0.0.1 3.00 43.00 46.00 NOTE
r-oldrel-macos-arm64 0.0.1 17.00 NOTE
r-oldrel-macos-x86_64 0.0.1 21.00 NOTE
r-oldrel-windows-x86_64 0.0.1 4.00 43.00 47.00 NOTE

Check Details

Version: 0.0.1
Check: LazyData
Result: NOTE 'LazyData' is specified without a 'data' directory Flavors: r-devel-linux-x86_64-debian-clang, r-devel-linux-x86_64-debian-gcc, r-devel-linux-x86_64-fedora-clang, r-devel-linux-x86_64-fedora-gcc, r-devel-windows-x86_64, r-patched-linux-x86_64, r-release-linux-x86_64, r-release-macos-arm64, r-release-windows-x86_64, r-oldrel-macos-arm64, r-oldrel-macos-x86_64, r-oldrel-windows-x86_64