CRAN Package Check Results for Package prewas

Last updated on 2021-10-22 22:56:42 CEST.

Flavor Version Tinstall Tcheck Ttotal Status Flags
r-devel-linux-x86_64-debian-clang 1.1.1 3.22 110.26 113.48 OK
r-devel-linux-x86_64-debian-gcc 1.1.1 2.65 80.52 83.17 OK
r-devel-linux-x86_64-fedora-clang 1.1.1 153.08 NOTE
r-devel-linux-x86_64-fedora-gcc 1.1.1 148.32 NOTE
r-devel-windows-x86_64 1.1.1 6.00 98.00 104.00 OK
r-devel-windows-x86_64-gcc10-UCRT 1.1.1 ERROR
r-patched-linux-x86_64 1.1.1 3.43 107.74 111.17 OK
r-patched-solaris-x86 1.1.1 149.40 NOTE
r-release-linux-x86_64 1.1.1 3.41 105.60 109.01 OK
r-release-macos-arm64 1.1.1 NOTE
r-release-macos-x86_64 1.1.1 NOTE
r-release-windows-ix86+x86_64 1.1.1 6.00 123.00 129.00 OK
r-oldrel-macos-x86_64 1.1.1 NOTE
r-oldrel-windows-ix86+x86_64 1.1.1 7.00 130.00 137.00 OK

Check Details

Version: 1.1.1
Check: dependencies in R code
Result: NOTE
    Namespace in Imports field not imported from: ‘stats’
     All declared Imports should be used.
Flavors: r-devel-linux-x86_64-fedora-clang, r-devel-linux-x86_64-fedora-gcc, r-patched-solaris-x86, r-release-macos-arm64, r-release-macos-x86_64, r-oldrel-macos-x86_64

Version: 1.1.1
Check: package dependencies
Result: ERROR
    Package required but not available: 'phangorn'
    
    See section 'The DESCRIPTION file' in the 'Writing R Extensions'
    manual.
Flavor: r-devel-windows-x86_64-gcc10-UCRT