CRAN Package Check Results for Package primefactr

Last updated on 2024-05-20 23:00:39 CEST.

Flavor Version Tinstall Tcheck Ttotal Status Flags
r-devel-linux-x86_64-debian-clang 0.1.1 1.98 31.06 33.04 NOTE
r-devel-linux-x86_64-debian-gcc 0.1.1 1.28 23.31 24.59 NOTE
r-devel-linux-x86_64-fedora-clang 0.1.1 40.61 NOTE
r-devel-linux-x86_64-fedora-gcc 0.1.1 39.11 NOTE
r-devel-windows-x86_64 0.1.1 3.00 47.00 50.00 NOTE
r-patched-linux-x86_64 0.1.1 1.82 30.01 31.83 NOTE
r-release-linux-x86_64 0.1.1 1.79 30.10 31.89 NOTE
r-release-macos-arm64 0.1.1 18.00 NOTE
r-release-windows-x86_64 0.1.1 3.00 48.00 51.00 NOTE
r-oldrel-macos-arm64 0.1.1 19.00 NOTE
r-oldrel-macos-x86_64 0.1.1 28.00 NOTE
r-oldrel-windows-x86_64 0.1.1 2.00 50.00 52.00 NOTE

Check Details

Version: 0.1.1
Check: LazyData
Result: NOTE 'LazyData' is specified without a 'data' directory Flavors: r-devel-linux-x86_64-debian-clang, r-devel-linux-x86_64-debian-gcc, r-devel-linux-x86_64-fedora-clang, r-devel-linux-x86_64-fedora-gcc, r-devel-windows-x86_64, r-patched-linux-x86_64, r-release-linux-x86_64, r-release-macos-arm64, r-release-windows-x86_64, r-oldrel-macos-arm64, r-oldrel-macos-x86_64, r-oldrel-windows-x86_64