CRAN Package Check Results for Package primer

Last updated on 2023-09-22 23:05:07 CEST.

Flavor Version Tinstall Tcheck Ttotal Status Flags
r-devel-linux-x86_64-debian-clang 1.2.0 8.17 69.38 77.55 OK
r-devel-linux-x86_64-debian-gcc 1.2.0 6.02 52.09 58.11 OK
r-devel-linux-x86_64-fedora-clang 1.2.0 94.19 NOTE
r-devel-linux-x86_64-fedora-gcc 1.2.0 98.56 NOTE
r-devel-windows-x86_64 1.2.0 9.00 81.00 90.00 OK
r-patched-linux-x86_64 1.2.0 8.02 66.79 74.81 OK
r-release-linux-x86_64 1.2.0 4.47 65.73 70.20 OK
r-release-macos-arm64 1.2.0 30.00 OK
r-release-macos-x86_64 1.2.0 48.00 NOTE
r-release-windows-x86_64 1.2.0 10.00 89.00 99.00 OK
r-oldrel-macos-arm64 1.2.0 33.00 NOTE
r-oldrel-macos-x86_64 1.2.0 54.00 NOTE
r-oldrel-windows-x86_64 1.2.0 10.00 87.00 97.00 OK

Check Details

Version: 1.2.0
Check: dependencies in R code
Result: NOTE
    Namespaces in Imports field not imported from:
     ‘tidyr’ ‘utils’
     All declared Imports should be used.
Flavors: r-devel-linux-x86_64-fedora-clang, r-devel-linux-x86_64-fedora-gcc, r-oldrel-macos-arm64, r-oldrel-macos-x86_64

Version: 1.2.0
Check: package dependencies
Result: NOTE
    Package suggested but not available for checking: ‘bipartite’
Flavor: r-release-macos-x86_64