CRAN Package Check Results for Package prisonbrief

Last updated on 2021-12-03 22:57:50 CET.

Flavor Version Tinstall Tcheck Ttotal Status Flags
r-devel-linux-x86_64-debian-clang 0.1.2 7.50 63.29 70.79 OK
r-devel-linux-x86_64-debian-gcc 0.1.2 5.99 48.08 54.07 OK
r-devel-linux-x86_64-fedora-clang 0.1.2 98.35 NOTE
r-devel-linux-x86_64-fedora-gcc 0.1.2 85.12 NOTE
r-devel-windows-x86_64-new-UL 0.1.2 16.00 97.00 113.00 OK
r-devel-windows-x86_64-new-TK 0.1.2 NOTE
r-devel-windows-x86_64-old 0.1.2 12.00 64.00 76.00 OK
r-patched-linux-x86_64 0.1.2 7.34 58.81 66.15 OK
r-release-linux-x86_64 0.1.2 7.34 58.75 66.09 OK
r-release-macos-arm64 0.1.2 NOTE
r-release-macos-x86_64 0.1.2 NOTE
r-release-windows-ix86+x86_64 0.1.2 17.00 84.00 101.00 OK
r-oldrel-macos-x86_64 0.1.2 NOTE
r-oldrel-windows-ix86+x86_64 0.1.2 18.00 83.00 101.00 OK

Check Details

Version: 0.1.2
Check: data for non-ASCII characters
Result: NOTE
     Note: found 2 marked UTF-8 strings
Flavors: r-devel-linux-x86_64-fedora-clang, r-devel-linux-x86_64-fedora-gcc, r-devel-windows-x86_64-new-TK, r-release-macos-arm64, r-release-macos-x86_64, r-oldrel-macos-x86_64