Last updated on 2024-03-18 22:03:20 CET.
Flavor | Version | Tinstall | Tcheck | Ttotal | Status | Flags |
---|---|---|---|---|---|---|
r-devel-linux-x86_64-debian-clang | 1.0.5 | 11.55 | 123.28 | 134.83 | OK | |
r-devel-linux-x86_64-debian-gcc | 1.0.5 | 7.52 | 95.54 | 103.06 | OK | |
r-devel-linux-x86_64-fedora-clang | 1.0.5 | 168.66 | NOTE | |||
r-devel-linux-x86_64-fedora-gcc | 1.0.5 | 176.78 | OK | |||
r-devel-windows-x86_64 | 1.0.5 | 12.00 | 111.00 | 123.00 | NOTE | |
r-patched-linux-x86_64 | 1.0.5 | 14.63 | 121.61 | 136.24 | OK | |
r-release-linux-x86_64 | 1.0.5 | 7.86 | 122.61 | 130.47 | OK | |
r-release-macos-arm64 | 1.0.5 | 65.00 | NOTE | |||
r-release-macos-x86_64 | 1.0.5 | 113.00 | NOTE | |||
r-release-windows-x86_64 | 1.0.5 | 15.00 | 131.00 | 146.00 | NOTE | |
r-oldrel-macos-arm64 | 1.0.5 | 49.00 | NOTE | |||
r-oldrel-windows-x86_64 | 1.0.5 | 16.00 | 131.00 | 147.00 | NOTE |
Version: 1.0.5
Check: installed package size
Result: NOTE
installed size is 11.6Mb
sub-directories of 1Mb or more:
doc 8.8Mb
htmlwidgets 2.6Mb
Flavors: r-devel-linux-x86_64-fedora-clang, r-devel-windows-x86_64, r-release-macos-arm64, r-release-macos-x86_64, r-release-windows-x86_64, r-oldrel-macos-arm64, r-oldrel-windows-x86_64