CRAN Package Check Results for Package processmapR

Last updated on 2021-05-12 22:53:41 CEST.

Flavor Version Tinstall Tcheck Ttotal Status Flags
r-devel-linux-x86_64-debian-clang 0.3.4 31.14 81.49 112.63 NOTE
r-devel-linux-x86_64-debian-gcc 0.3.4 19.72 61.81 81.53 NOTE
r-devel-linux-x86_64-fedora-clang 0.3.4 142.32 NOTE
r-devel-linux-x86_64-fedora-gcc 0.3.4 128.28 NOTE
r-devel-windows-ix86+x86_64 0.3.4 67.00 105.00 172.00 NOTE
r-devel-windows-x86_64-gcc10-UCRT 0.3.4 NOTE
r-patched-linux-x86_64 0.3.4 25.08 77.23 102.31 NOTE
r-patched-solaris-x86 0.3.4 170.90 NOTE
r-release-linux-x86_64 0.3.4 22.56 76.28 98.84 OK
r-release-macos-x86_64 0.3.4 OK
r-release-windows-ix86+x86_64 0.3.4 48.00 148.00 196.00 OK
r-oldrel-macos-x86_64 0.3.4 OK
r-oldrel-windows-ix86+x86_64 0.3.4 59.00 134.00 193.00 OK

Check Details

Version: 0.3.4
Check: LazyData
Result: NOTE
     'LazyData' is specified without a 'data' directory
Flavors: r-devel-linux-x86_64-debian-clang, r-devel-linux-x86_64-debian-gcc, r-devel-linux-x86_64-fedora-clang, r-devel-linux-x86_64-fedora-gcc, r-devel-windows-ix86+x86_64, r-devel-windows-x86_64-gcc10-UCRT, r-patched-linux-x86_64, r-patched-solaris-x86

Version: 0.3.4
Check: package dependencies
Result: NOTE
    Imports includes 21 non-default packages.
    Importing from so many packages makes the package vulnerable to any of
    them becoming unavailable. Move as many as possible to Suggests and
    use conditionally.
Flavor: r-devel-linux-x86_64-fedora-clang