CRAN Package Check Results for Package procmaps

Last updated on 2022-12-06 23:00:50 CET.

Flavor Version Tinstall Tcheck Ttotal Status Flags
r-devel-linux-x86_64-debian-clang 0.0.4 3.11 25.07 28.18 WARN
r-devel-linux-x86_64-debian-gcc 0.0.4 2.38 19.98 22.36 WARN
r-devel-linux-x86_64-fedora-clang 0.0.4 47.56 WARN
r-devel-linux-x86_64-fedora-gcc 0.0.4 44.62 WARN
r-devel-windows-x86_64 0.0.4 20.00 64.00 84.00 OK
r-patched-linux-x86_64 0.0.4 2.99 24.73 27.72 OK
r-release-linux-x86_64 0.0.4 2.24 24.41 26.65 OK
r-release-macos-arm64 0.0.4 17.00 OK
r-release-macos-x86_64 0.0.4 24.00 OK
r-release-windows-x86_64 0.0.4 12.00 55.00 67.00 OK
r-oldrel-macos-arm64 0.0.4 18.00 OK
r-oldrel-macos-x86_64 0.0.4 23.00 OK
r-oldrel-windows-ix86+x86_64 0.0.4 13.00 62.00 75.00 OK

Check Details

Version: 0.0.4
Check: whether package can be installed
Result: WARN
    Found the following significant warnings:
     init.c:10:36: warning: a function declaration without a prototype is deprecated in all versions of C [-Wstrict-prototypes]
     procmap.c:20:29: warning: a function declaration without a prototype is deprecated in all versions of C [-Wstrict-prototypes]
Flavors: r-devel-linux-x86_64-debian-clang, r-devel-linux-x86_64-fedora-clang

Version: 0.0.4
Check: compiled code
Result: WARN
    File 'procmaps/libs/procmaps.so':
     Found 'sprintf', possibly from 'sprintf' (C)
     Object: 'glue.o'
    
    Compiled code should not call entry points which might terminate R nor
    write to stdout/stderr instead of to the console, nor use Fortran I/O
    nor system RNGs nor [v]sprintf.
    
    See 'Writing portable packages' in the 'Writing R Extensions' manual.
Flavors: r-devel-linux-x86_64-debian-clang, r-devel-linux-x86_64-fedora-clang

Version: 0.0.4
Check: whether package can be installed
Result: WARN
    Found the following significant warnings:
     init.c:10:1: warning: function declaration isn’t a prototype [-Wstrict-prototypes]
     procmap.c:20:6: warning: function declaration isn’t a prototype [-Wstrict-prototypes]
Flavors: r-devel-linux-x86_64-debian-gcc, r-devel-linux-x86_64-fedora-gcc

Version: 0.0.4
Check: compiled code
Result: WARN
    File ‘procmaps/libs/procmaps.so’:
     Found ‘__sprintf_chk’, possibly from ‘sprintf’ (C)
     Object: ‘glue.o’
    
    Compiled code should not call entry points which might terminate R nor
    write to stdout/stderr instead of to the console, nor use Fortran I/O
    nor system RNGs nor [v]sprintf.
    
    See ‘Writing portable packages’ in the ‘Writing R Extensions’ manual.
Flavors: r-devel-linux-x86_64-debian-gcc, r-devel-linux-x86_64-fedora-gcc