CRAN Package Check Results for Package prodlim

Last updated on 2019-12-11 22:51:19 CET.

Flavor Version Tinstall Tcheck Ttotal Status Flags
r-devel-linux-x86_64-debian-clang 2019.11.13 18.32 90.97 109.29 OK
r-devel-linux-x86_64-debian-gcc 2019.11.13 13.09 69.90 82.99 OK
r-devel-linux-x86_64-fedora-clang 2019.11.13 127.67 OK
r-devel-linux-x86_64-fedora-gcc 2019.11.13 125.22 OK
r-devel-windows-ix86+x86_64 2019.11.13 38.00 164.00 202.00 OK
r-devel-windows-ix86+x86_64-gcc8 2019.11.13 41.00 175.00 216.00 OK
r-patched-linux-x86_64 2019.11.13 12.35 81.90 94.25 OK
r-patched-solaris-x86 2019.11.13 153.30 OK
r-release-linux-x86_64 2019.11.13 11.86 83.27 95.13 OK
r-release-windows-ix86+x86_64 2019.11.13 35.00 116.00 151.00 OK
r-release-osx-x86_64 2019.11.13 OK
r-oldrel-windows-ix86+x86_64 2019.11.13 20.00 5.00 25.00 ERROR
r-oldrel-osx-x86_64 2019.11.13 OK

Check Details

Version: 2019.11.13
Check: whether package can be installed
Result: ERROR
    Installation failed.
Flavor: r-oldrel-windows-ix86+x86_64