Last updated on 2024-04-17 23:00:03 CEST.
Flavor | Version | Tinstall | Tcheck | Ttotal | Status | Flags |
---|---|---|---|---|---|---|
r-devel-linux-x86_64-debian-clang | 0.6.1 | 2.81 | 35.66 | 38.47 | NOTE | |
r-devel-linux-x86_64-debian-gcc | 0.6.1 | 2.43 | 26.88 | 29.31 | NOTE | |
r-devel-linux-x86_64-fedora-clang | 0.6.1 | 48.34 | NOTE | |||
r-devel-linux-x86_64-fedora-gcc | 0.6.1 | 47.16 | NOTE | |||
r-prerel-macos-arm64 | 0.6.1 | 18.00 | NOTE | |||
r-prerel-windows-x86_64 | 0.6.1 | 5.00 | 47.00 | 52.00 | NOTE | |
r-patched-linux-x86_64 | 0.6.1 | 4.09 | 34.39 | 38.48 | NOTE | |
r-release-linux-x86_64 | 0.6.1 | 2.56 | 34.29 | 36.85 | NOTE | |
r-release-macos-arm64 | 0.6.1 | 21.00 | NOTE | |||
r-release-macos-x86_64 | 0.6.1 | 26.00 | NOTE | |||
r-release-windows-x86_64 | 0.6.1 | 4.00 | 49.00 | 53.00 | NOTE | |
r-oldrel-macos-arm64 | 0.6.1 | 21.00 | OK | |||
r-oldrel-windows-x86_64 | 0.6.1 | 6.00 | 53.00 | 59.00 | OK |
Version: 0.6.1
Check: Rd files
Result: NOTE
checkRd: (-1) plot.profileModel.Rd:69: Escaped LaTeX specials: \&
checkRd: (-1) profileModel.Rd:277: Escaped LaTeX specials: \&
Flavors: r-devel-linux-x86_64-debian-clang, r-devel-linux-x86_64-debian-gcc, r-devel-linux-x86_64-fedora-clang, r-devel-linux-x86_64-fedora-gcc, r-prerel-macos-arm64, r-prerel-windows-x86_64, r-patched-linux-x86_64, r-release-linux-x86_64, r-release-macos-arm64, r-release-macos-x86_64, r-release-windows-x86_64