CRAN Package Check Results for Package profoc

Last updated on 2021-11-26 23:03:35 CET.

Flavor Version Tinstall Tcheck Ttotal Status Flags
r-devel-linux-x86_64-debian-clang 0.8.5 165.65 133.35 299.00 OK
r-devel-linux-x86_64-debian-gcc 0.8.5 128.92 104.08 233.00 OK
r-devel-linux-x86_64-fedora-clang 0.8.5 442.08 NOTE
r-devel-linux-x86_64-fedora-gcc 0.8.5 408.88 OK
r-devel-windows-x86_64-new-UL 0.8.5 204.00 200.00 404.00 OK
r-devel-windows-x86_64-new-TK 0.8.5 OK
r-devel-windows-x86_64-old 0.8.5 147.00 173.00 320.00 OK
r-patched-linux-x86_64 0.8.5 146.72 129.27 275.99 OK
r-release-linux-x86_64 0.8.5 OK
r-release-macos-arm64 0.8.5 NOTE
r-release-macos-x86_64 0.8.5 NOTE
r-release-windows-ix86+x86_64 0.8.5 381.00 224.00 605.00 OK
r-oldrel-macos-x86_64 0.8.5 NOTE
r-oldrel-windows-ix86+x86_64 0.8.5 289.00 286.00 575.00 OK

Check Details

Version: 0.8.5
Check: installed package size
Result: NOTE
     installed size is 10.4Mb
     sub-directories of 1Mb or more:
     libs 9.8Mb
Flavors: r-devel-linux-x86_64-fedora-clang, r-release-macos-arm64, r-release-macos-x86_64, r-oldrel-macos-x86_64