CRAN Package Check Results for Package progress

Last updated on 2020-01-17 22:51:02 CET.

Flavor Version Tinstall Tcheck Ttotal Status Flags
r-devel-linux-x86_64-debian-clang 1.2.2 2.84 28.12 30.96 OK
r-devel-linux-x86_64-debian-gcc 1.2.2 3.05 22.15 25.20 OK
r-devel-linux-x86_64-fedora-clang 1.2.2 40.34 OK
r-devel-linux-x86_64-fedora-gcc 1.2.2 37.55 OK
r-devel-windows-ix86+x86_64 1.2.2 11.00 70.00 81.00 OK
r-devel-windows-ix86+x86_64-gcc8 1.2.2 8.00 59.00 67.00 OK
r-patched-linux-x86_64 1.2.2 3.20 25.88 29.08 OK
r-patched-solaris-x86 1.2.2 57.50 OK
r-release-linux-x86_64 1.2.2 2.99 25.64 28.63 OK
r-release-windows-ix86+x86_64 1.2.2 2.00 9.00 11.00 ERROR
r-release-osx-x86_64 1.2.2 OK
r-oldrel-windows-ix86+x86_64 1.2.2 7.00 41.00 48.00 WARN
r-oldrel-osx-x86_64 1.2.2 OK

Check Details

Version: 1.2.2
Check: whether package can be installed
Result: ERROR
    Installation failed.
Flavor: r-release-windows-ix86+x86_64

Version: 1.2.2
Check: whether package can be installed
Result: WARN
    Found the following significant warnings:
     Warning: S3 methods '$.tbl_df', '[.tbl_df', '[[.tbl_df', 'names<-.tbl_df', 'row.names<-.tbl_df', 'as.data.frame.tbl_df', 'as_tibble.NULL', 'as_tibble.data.frame', 'as_tibble.default', 'as_tibble.list', 'as_tibble.matrix', 'as_tibble.poly', 'as_tibble.table', 'as_tibble.ts', 'format.tbl', 'format.trunc_mat', 'format_v.character', 'format_v.default', 'format_v.factor', 'format_v.list', 'glimpse.data.frame', 'glimpse.default', 'glimpse.tbl', 'print.tbl', 'print.trunc_mat', 'quote_n.character', 'quote_n.default', 'tbl_sum.default', 'tbl_sum.tbl', 'type_sum.tbl_df' were declared in NAMESPACE but not found
Flavor: r-oldrel-windows-ix86+x86_64