CRAN Package Check Results for Package projmgr

Last updated on 2023-09-22 23:05:07 CEST.

Flavor Version Tinstall Tcheck Ttotal Status Flags
r-devel-linux-x86_64-debian-clang 0.1.0 3.85 36.86 40.71 NOTE
r-devel-linux-x86_64-debian-gcc 0.1.0 3.00 28.26 31.26 NOTE
r-devel-linux-x86_64-fedora-clang 0.1.0 51.45 NOTE
r-devel-linux-x86_64-fedora-gcc 0.1.0 60.77 NOTE
r-devel-windows-x86_64 0.1.0 5.00 56.00 61.00 NOTE
r-patched-linux-x86_64 0.1.0 5.34 36.00 41.34 NOTE
r-release-linux-x86_64 0.1.0 3.82 35.74 39.56 NOTE
r-release-macos-arm64 0.1.0 25.00 NOTE
r-release-macos-x86_64 0.1.0 35.00 NOTE
r-release-windows-x86_64 0.1.0 6.00 58.00 64.00 NOTE
r-oldrel-macos-arm64 0.1.0 35.00 NOTE
r-oldrel-macos-x86_64 0.1.0 32.00 NOTE
r-oldrel-windows-x86_64 0.1.0 7.00 55.00 62.00 NOTE

Check Details

Version: 0.1.0
Check: Rd \usage sections
Result: NOTE
    Documented arguments not in \usage in documentation object 'validate_inputs':
     ‘required_vars’
    
    Functions with \usage entries need to have the appropriate \alias
    entries, and all their arguments documented.
    The \usage entries must correspond to syntactically valid R code.
    See chapter ‘Writing R documentation files’ in the ‘Writing R
    Extensions’ manual.
Flavors: r-devel-linux-x86_64-debian-clang, r-devel-linux-x86_64-debian-gcc, r-devel-linux-x86_64-fedora-clang, r-devel-linux-x86_64-fedora-gcc, r-devel-windows-x86_64

Version: 0.1.0
Check: LazyData
Result: NOTE
     'LazyData' is specified without a 'data' directory
Flavors: r-devel-linux-x86_64-debian-clang, r-devel-linux-x86_64-debian-gcc, r-devel-linux-x86_64-fedora-clang, r-devel-linux-x86_64-fedora-gcc, r-devel-windows-x86_64, r-patched-linux-x86_64, r-release-linux-x86_64, r-release-macos-arm64, r-release-macos-x86_64, r-release-windows-x86_64, r-oldrel-macos-arm64, r-oldrel-macos-x86_64, r-oldrel-windows-x86_64