CRAN Package Check Results for Package prompt

Last updated on 2021-08-01 22:49:57 CEST.

Flavor Version Tinstall Tcheck Ttotal Status Flags
r-devel-linux-x86_64-debian-clang 1.0.1 2.93 32.26 35.19 NOTE
r-devel-linux-x86_64-debian-gcc 1.0.1 2.14 24.24 26.38 NOTE
r-devel-linux-x86_64-fedora-clang 1.0.1 49.62 NOTE
r-devel-linux-x86_64-fedora-gcc 1.0.1 39.44 NOTE
r-devel-windows-x86_64 1.0.1 4.00 47.00 51.00 NOTE
r-devel-windows-x86_64-gcc10-UCRT 1.0.1 NOTE
r-patched-linux-x86_64 1.0.1 NOTE
r-patched-solaris-x86 1.0.1 61.40 NOTE
r-release-linux-x86_64 1.0.1 2.77 29.83 32.60 NOTE
r-release-macos-arm64 1.0.1 NOTE
r-release-macos-x86_64 1.0.1 NOTE
r-release-windows-ix86+x86_64 1.0.1 8.00 37.00 45.00 NOTE
r-oldrel-macos-x86_64 1.0.1 OK
r-oldrel-windows-ix86+x86_64 1.0.1 5.00 49.00 54.00 OK

Check Details

Version: 1.0.1
Check: LazyData
Result: NOTE
     'LazyData' is specified without a 'data' directory
Flavors: r-devel-linux-x86_64-debian-clang, r-devel-linux-x86_64-debian-gcc, r-devel-linux-x86_64-fedora-clang, r-devel-linux-x86_64-fedora-gcc, r-devel-windows-x86_64, r-devel-windows-x86_64-gcc10-UCRT, r-patched-linux-x86_64, r-patched-solaris-x86, r-release-linux-x86_64, r-release-macos-arm64, r-release-macos-x86_64, r-release-windows-ix86+x86_64