CRAN Package Check Results for Package proportion

Last updated on 2021-12-01 22:53:20 CET.

Flavor Version Tinstall Tcheck Ttotal Status Flags
r-devel-linux-x86_64-debian-clang 2.0.0 40.17 244.54 284.71 NOTE
r-devel-linux-x86_64-debian-gcc 2.0.0 31.90 176.56 208.46 NOTE
r-devel-linux-x86_64-fedora-clang 2.0.0 355.11 NOTE
r-devel-linux-x86_64-fedora-gcc 2.0.0 334.87 NOTE
r-devel-windows-x86_64-new-UL 2.0.0 82.00 298.00 380.00 NOTE
r-devel-windows-x86_64-new-TK 2.0.0 NOTE
r-devel-windows-x86_64-old 2.0.0 62.00 214.00 276.00 NOTE
r-patched-linux-x86_64 2.0.0 46.29 226.50 272.79 NOTE
r-patched-solaris-x86 2.0.0 351.60 NOTE
r-release-linux-x86_64 2.0.0 41.42 226.23 267.65 NOTE
r-release-macos-arm64 2.0.0 NOTE
r-release-macos-x86_64 2.0.0 NOTE
r-release-windows-ix86+x86_64 2.0.0 64.00 281.00 345.00 NOTE
r-oldrel-macos-x86_64 2.0.0 OK
r-oldrel-windows-ix86+x86_64 2.0.0 63.00 277.00 340.00 OK

Check Details

Version: 2.0.0
Check: LazyData
Result: NOTE
     'LazyData' is specified without a 'data' directory
Flavors: r-devel-linux-x86_64-debian-clang, r-devel-linux-x86_64-debian-gcc, r-devel-linux-x86_64-fedora-clang, r-devel-linux-x86_64-fedora-gcc, r-devel-windows-x86_64-new-UL, r-devel-windows-x86_64-new-TK, r-devel-windows-x86_64-old, r-patched-linux-x86_64, r-patched-solaris-x86, r-release-linux-x86_64, r-release-macos-arm64, r-release-macos-x86_64, r-release-windows-ix86+x86_64

Version: 2.0.0
Check: Rd cross-references
Result: NOTE
    Undeclared packages ‘binom’, ‘PropCIs’, ‘BlakerCI’, ‘prevalence’ in Rd xrefs
Flavor: r-devel-linux-x86_64-fedora-clang

Version: 2.0.0
Check: Rd cross-references
Result: NOTE
    Package unavailable to check Rd xrefs: ‘prevalence’
Flavor: r-release-macos-arm64