CRAN Package Check Results for Package protViz

Last updated on 2021-07-29 00:49:20 CEST.

Flavor Version Tinstall Tcheck Ttotal Status Flags
r-devel-linux-x86_64-debian-clang 0.6.8 OK
r-devel-linux-x86_64-debian-gcc 0.6.8 35.70 81.45 117.15 OK
r-devel-linux-x86_64-fedora-clang 0.6.8 211.66 NOTE
r-devel-linux-x86_64-fedora-gcc 0.6.8 189.96 OK
r-devel-windows-x86_64 0.6.8 57.00 146.00 203.00 OK
r-devel-windows-x86_64-gcc10-UCRT 0.6.8 OK
r-patched-linux-x86_64 0.6.8 44.06 101.92 145.98 OK
r-patched-solaris-x86 0.6.8 225.60 OK
r-release-linux-x86_64 0.6.8 42.43 101.83 144.26 OK
r-release-macos-arm64 0.6.8 NOTE
r-release-macos-x86_64 0.6.8 NOTE
r-release-windows-ix86+x86_64 0.6.8 124.00 134.00 258.00 NOTE
r-oldrel-macos-x86_64 0.6.8 NOTE
r-oldrel-windows-ix86+x86_64 0.6.8 93.00 189.00 282.00 NOTE

Check Details

Version: 0.6.8
Check: installed package size
Result: NOTE
     installed size is 6.2Mb
     sub-directories of 1Mb or more:
     data 2.1Mb
     libs 2.9Mb
Flavors: r-devel-linux-x86_64-fedora-clang, r-release-macos-arm64, r-release-macos-x86_64, r-release-windows-ix86+x86_64, r-oldrel-macos-x86_64, r-oldrel-windows-ix86+x86_64

Version: 0.6.8
Check: Rd cross-references
Result: NOTE
    Undeclared package ‘XML’ in Rd xrefs
Flavor: r-devel-linux-x86_64-fedora-clang