CRAN Package Check Results for Package protViz

Last updated on 2023-09-24 22:59:48 CEST.

Flavor Version Tinstall Tcheck Ttotal Status Flags
r-devel-linux-x86_64-debian-clang 0.7.7 60.06 104.13 164.19 OK
r-devel-linux-x86_64-debian-gcc 0.7.7 41.32 80.99 122.31 OK
r-devel-linux-x86_64-fedora-clang 0.7.7 227.06 NOTE
r-devel-linux-x86_64-fedora-gcc 0.7.7 234.38 OK
r-devel-windows-x86_64 0.7.7 40.00 202.00 242.00 OK
r-patched-linux-x86_64 0.7.7 57.92 102.69 160.61 OK
r-release-linux-x86_64 0.7.7 61.28 103.84 165.12 OK
r-release-macos-arm64 0.7.7 73.00 NOTE
r-release-macos-x86_64 0.7.7 116.00 NOTE
r-release-windows-x86_64 0.7.7 44.00 197.00 241.00 OK
r-oldrel-macos-arm64 0.7.7 65.00 NOTE
r-oldrel-macos-x86_64 0.7.7 89.00 NOTE
r-oldrel-windows-x86_64 0.7.7 53.00 199.00 252.00 OK

Check Details

Version: 0.7.7
Check: Rd cross-references
Result: NOTE
    Undeclared package ‘XML’ in Rd xrefs
Flavor: r-devel-linux-x86_64-fedora-clang

Version: 0.7.7
Check: installed package size
Result: NOTE
     installed size is 6.8Mb
     sub-directories of 1Mb or more:
     data 2.3Mb
     libs 3.5Mb
Flavors: r-release-macos-arm64, r-release-macos-x86_64, r-oldrel-macos-arm64, r-oldrel-macos-x86_64

Version: 0.7.7
Check: re-building of vignette outputs
Result: NOTE
    Error(s) in re-building vignettes:
    --- re-building ‘ADP-Ribosylated-peptides.Rnw’ using Sweave
    Error: processing vignette 'ADP-Ribosylated-peptides.Rnw' failed with diagnostics:
    Running 'texi2dvi' on 'ADP-Ribosylated-peptides.tex' failed.
    LaTeX errors:
    ! LaTeX Error: File `relsize.sty' not found.
    
    Type X to quit or <RETURN> to proceed,
    or enter new name. (Default extension: sty)
    
    ! Emergency stop.
    <read *>
    
    l.28 ^^M
    
    ! ==> Fatal error occurred, no output PDF file produced!
    --- failed re-building ‘ADP-Ribosylated-peptides.Rnw’
    
    --- re-building ‘PTM_MarkerFinder.Rnw’ using Sweave
    --- finished re-building 'PTM_MarkerFinder.Rnw'
    
    --- re-building ‘poster.Rnw’ using Sweave
    Error: processing vignette 'poster.Rnw' failed with diagnostics:
    Running 'texi2dvi' on 'poster.tex' failed.
    LaTeX errors:
    ! LaTeX Error: File `a0poster.cls' not found.
    
    Type X to quit or <RETURN> to proceed,
    or enter new name. (Default extension: cls)
    
    ! Emergency stop.
    <read *>
    
    l.4 \usepackage
     {times,colordvi,amsmath,epsfig,float,color,multicol,subfigure...
    ! ==> Fatal error occurred, no output PDF file produced!
    --- failed re-building 'poster.Rnw'
    
    --- re-building ‘protViz.Rnw’ using Sweave
    --- finished re-building 'protViz.Rnw'
    
    SUMMARY: processing the following files failed:
     ‘ADP-Ribosylated-peptides.Rnw’ ‘poster.Rnw’
    
    Error: Vignette re-building failed.
    Execution halted
Flavor: r-release-macos-x86_64