Last updated on 2023-09-24 22:59:48 CEST.
Flavor | Version | Tinstall | Tcheck | Ttotal | Status | Flags |
---|---|---|---|---|---|---|
r-devel-linux-x86_64-debian-clang | 1.1.3 | 22.93 | 171.15 | 194.08 | OK | |
r-devel-linux-x86_64-debian-gcc | 1.1.3 | 15.71 | 125.29 | 141.00 | OK | |
r-devel-linux-x86_64-fedora-clang | 1.1.3 | 234.25 | NOTE | |||
r-devel-linux-x86_64-fedora-gcc | 1.1.3 | 237.98 | OK | |||
r-devel-windows-x86_64 | 1.1.3 | 19.00 | 129.00 | 148.00 | OK | |
r-patched-linux-x86_64 | 1.1.3 | 18.67 | 158.44 | 177.11 | OK | |
r-release-linux-x86_64 | 1.1.3 | 17.10 | 160.09 | 177.19 | OK | |
r-release-macos-arm64 | 1.1.3 | 82.00 | OK | |||
r-release-macos-x86_64 | 1.1.3 | 174.00 | OK | |||
r-release-windows-x86_64 | 1.1.3 | 26.00 | 161.00 | 187.00 | OK | |
r-oldrel-macos-arm64 | 1.1.3 | 98.00 | OK | |||
r-oldrel-macos-x86_64 | 1.1.3 | 94.00 | OK | |||
r-oldrel-windows-x86_64 | 1.1.3 | 26.00 | 170.00 | 196.00 | OK |
Version: 1.1.3
Check: package dependencies
Result: NOTE
Imports includes 21 non-default packages.
Importing from so many packages makes the package vulnerable to any of
them becoming unavailable. Move as many as possible to Suggests and
use conditionally.
Flavor: r-devel-linux-x86_64-fedora-clang