Last updated on 2024-03-27 22:57:55 CET.
Flavor | Version | Tinstall | Tcheck | Ttotal | Status | Flags |
---|---|---|---|---|---|---|
r-devel-linux-x86_64-debian-clang | 1.0.1 | 4.32 | 60.24 | 64.56 | NOTE | |
r-devel-linux-x86_64-debian-gcc | 1.0.1 | 3.29 | 44.72 | 48.01 | NOTE | |
r-devel-linux-x86_64-fedora-clang | 1.0.1 | 80.14 | NOTE | |||
r-devel-linux-x86_64-fedora-gcc | 1.0.1 | 90.97 | NOTE | |||
r-devel-windows-x86_64 | 1.0.1 | 4.00 | 72.00 | 76.00 | NOTE | |
r-patched-linux-x86_64 | 1.0.1 | 4.60 | 56.19 | 60.79 | NOTE | |
r-release-linux-x86_64 | 1.0.1 | 4.23 | 56.84 | 61.07 | NOTE | |
r-release-macos-arm64 | 1.0.1 | 35.00 | NOTE | |||
r-release-macos-x86_64 | 1.0.1 | 50.00 | NOTE | |||
r-release-windows-x86_64 | 1.0.1 | 6.00 | 73.00 | 79.00 | NOTE | |
r-oldrel-macos-arm64 | 1.0.1 | 26.00 | NOTE | |||
r-oldrel-windows-x86_64 | 1.0.1 | 6.00 | 78.00 | 84.00 | NOTE |
Version: 1.0.1
Check: package dependencies
Result: NOTE
Package suggested but not available for checking: ‘rdt’
Flavors: r-devel-linux-x86_64-debian-clang, r-devel-linux-x86_64-debian-gcc, r-devel-linux-x86_64-fedora-clang, r-devel-linux-x86_64-fedora-gcc, r-devel-windows-x86_64, r-patched-linux-x86_64, r-release-linux-x86_64, r-release-macos-arm64, r-release-macos-x86_64, r-release-windows-x86_64, r-oldrel-macos-arm64, r-oldrel-windows-x86_64