CRAN Package Check Results for Package provGraphR

Last updated on 2024-06-13 22:49:40 CEST.

Flavor Version Tinstall Tcheck Ttotal Status Flags
r-devel-linux-x86_64-debian-clang 1.0.1 7.68 69.40 77.08 OK
r-devel-linux-x86_64-debian-gcc 1.0.1 0.36 1.63 1.99 ERROR
r-devel-linux-x86_64-fedora-clang 1.0.1 95.84 OK
r-devel-linux-x86_64-fedora-gcc 1.0.1 89.07 OK
r-devel-windows-x86_64 1.0.1 8.00 66.00 74.00 OK
r-patched-linux-x86_64 1.0.1 8.23 63.60 71.83 OK
r-release-linux-x86_64 1.0.1 7.95 64.70 72.65 OK
r-release-macos-arm64 1.0.1 32.00 OK
r-release-macos-x86_64 1.0.1 47.00 OK
r-release-windows-x86_64 1.0.1 7.00 67.00 74.00 OK
r-oldrel-macos-arm64 1.0.1 38.00 OK
r-oldrel-macos-x86_64 1.0.1 54.00 OK
r-oldrel-windows-x86_64 1.0.1 10.00 75.00 85.00 OK

Check Details

Version: 1.0.1
Check: package dependencies
Result: ERROR Package required but not available: ‘igraph’ Package suggested but not available for checking: ‘testthat’ See section ‘The DESCRIPTION file’ in the ‘Writing R Extensions’ manual. Flavor: r-devel-linux-x86_64-debian-gcc