CRAN Package Check Results for Package prozor

Last updated on 2019-07-18 22:53:17 CEST.

Flavor Version Tinstall Tcheck Ttotal Status Flags
r-devel-linux-x86_64-debian-clang 0.2.11 9.13 411.15 420.28 NOTE
r-devel-linux-x86_64-debian-gcc 0.2.11 7.57 313.26 320.83 NOTE
r-devel-linux-x86_64-fedora-clang 0.2.11 502.12 NOTE
r-devel-linux-x86_64-fedora-gcc 0.2.11 448.34 NOTE
r-devel-windows-ix86+x86_64 0.2.11 28.00 480.00 508.00 NOTE
r-patched-linux-x86_64 0.2.11 9.51 383.39 392.90 OK
r-patched-solaris-x86 0.2.11 794.00 NOTE
r-release-linux-x86_64 0.2.11 9.96 382.00 391.96 OK
r-release-windows-ix86+x86_64 0.2.11 17.00 651.00 668.00 NOTE
r-release-osx-x86_64 0.2.11 NOTE
r-oldrel-windows-ix86+x86_64 0.2.11 10.00 491.00 501.00 NOTE
r-oldrel-osx-x86_64 0.2.11 NOTE

Check Details

Version: 0.2.11
Check: package vignettes
Result: NOTE
    Package vignette with placeholder title 'Vignette Title':
     'TargetDecoyFDR_Example.Rmd'
Flavors: r-devel-linux-x86_64-debian-clang, r-devel-linux-x86_64-debian-gcc, r-devel-windows-ix86+x86_64

Version: 0.2.11
Check: installed package size
Result: NOTE
     installed size is 5.6Mb
     sub-directories of 1Mb or more:
     data 1.7Mb
     extdata 2.3Mb
Flavors: r-devel-linux-x86_64-fedora-clang, r-devel-windows-ix86+x86_64, r-patched-solaris-x86, r-release-windows-ix86+x86_64, r-release-osx-x86_64, r-oldrel-windows-ix86+x86_64, r-oldrel-osx-x86_64

Version: 0.2.11
Check: dependencies in R code
Result: NOTE
    Namespaces in Imports field not imported from:
     ‘dplyr’ ‘readr’
     All declared Imports should be used.
Flavors: r-devel-linux-x86_64-fedora-clang, r-devel-linux-x86_64-fedora-gcc, r-patched-solaris-x86, r-release-osx-x86_64, r-oldrel-osx-x86_64