CRAN Package Check Results for Package prozor

Last updated on 2021-10-16 22:53:02 CEST.

Flavor Version Tinstall Tcheck Ttotal Status Flags
r-devel-linux-x86_64-debian-clang 0.2.11 9.39 419.65 429.04 NOTE
r-devel-linux-x86_64-debian-gcc 0.2.11 8.16 307.04 315.20 NOTE
r-devel-linux-x86_64-fedora-clang 0.2.11 522.10 NOTE
r-devel-linux-x86_64-fedora-gcc 0.2.11 460.48 NOTE
r-devel-windows-x86_64 0.2.11 12.00 384.00 396.00 NOTE
r-devel-windows-x86_64-gcc10-UCRT 0.2.11 NOTE
r-patched-linux-x86_64 0.2.11 10.34 384.51 394.85 NOTE
r-patched-solaris-x86 0.2.11 154.70 NOTE
r-release-linux-x86_64 0.2.11 10.12 378.87 388.99 NOTE
r-release-macos-arm64 0.2.11 NOTE
r-release-macos-x86_64 0.2.11 NOTE
r-release-windows-ix86+x86_64 0.2.11 29.00 496.00 525.00 NOTE
r-oldrel-macos-x86_64 0.2.11 NOTE
r-oldrel-windows-ix86+x86_64 0.2.11 21.00 484.00 505.00 NOTE

Check Details

Version: 0.2.11
Check: package vignettes
Result: NOTE
    Package vignette with placeholder title 'Vignette Title':
     'TargetDecoyFDR_Example.Rmd'
Flavors: r-devel-linux-x86_64-debian-clang, r-devel-linux-x86_64-debian-gcc, r-devel-windows-x86_64, r-patched-linux-x86_64, r-release-linux-x86_64, r-release-windows-ix86+x86_64, r-oldrel-windows-ix86+x86_64

Version: 0.2.11
Check: installed package size
Result: NOTE
     installed size is 5.6Mb
     sub-directories of 1Mb or more:
     data 1.7Mb
     extdata 2.3Mb
Flavors: r-devel-linux-x86_64-fedora-clang, r-devel-windows-x86_64, r-patched-solaris-x86, r-release-macos-arm64, r-release-macos-x86_64, r-release-windows-ix86+x86_64, r-oldrel-macos-x86_64, r-oldrel-windows-ix86+x86_64

Version: 0.2.11
Check: dependencies in R code
Result: NOTE
    Namespaces in Imports field not imported from:
     ‘dplyr’ ‘readr’
     All declared Imports should be used.
Flavors: r-devel-linux-x86_64-fedora-clang, r-devel-linux-x86_64-fedora-gcc, r-devel-windows-x86_64-gcc10-UCRT, r-patched-solaris-x86, r-release-macos-arm64, r-release-macos-x86_64, r-oldrel-macos-x86_64