CRAN Package Check Results for Package prt

Last updated on 2021-06-15 22:53:52 CEST.

Flavor Version Tinstall Tcheck Ttotal Status Flags
r-devel-linux-x86_64-debian-clang 0.1.4 4.72 62.69 67.41 OK
r-devel-linux-x86_64-debian-gcc 0.1.4 3.34 46.60 49.94 OK
r-devel-linux-x86_64-fedora-clang 0.1.4 84.77 OK
r-devel-linux-x86_64-fedora-gcc 0.1.4 73.81 OK
r-devel-windows-x86_64 0.1.4 7.00 74.00 81.00 OK
r-devel-windows-x86_64-gcc10-UCRT 0.1.4 OK
r-patched-linux-x86_64 0.1.4 4.43 57.74 62.17 OK
r-patched-solaris-x86 0.1.4 99.50 WARN
r-release-linux-x86_64 0.1.4 4.04 56.58 60.62 OK
r-release-macos-arm64 0.1.3 NOTE
r-release-macos-x86_64 0.1.4 OK
r-release-windows-ix86+x86_64 0.1.4 11.00 75.00 86.00 OK
r-oldrel-macos-x86_64 0.1.4 OK
r-oldrel-windows-ix86+x86_64 0.1.4 24.00 79.00 103.00 OK

Check Details

Version: 0.1.4
Check: re-building of vignette outputs
Result: WARN
    Error(s) in re-building vignettes:
     ...
    --- re-building ‘prt.Rmd’ using rmarkdown
    Warning in engine$weave(file, quiet = quiet, encoding = enc) :
     Pandoc (>= 1.12.3) not available. Falling back to R Markdown v1.
    
     *** caught segfault ***
    address f6054564, cause 'memory not mapped'
    
     *** caught segfault ***
    address f6054518, cause '
Flavor: r-patched-solaris-x86

Version: 0.1.3
Check: dependencies in R code
Result: NOTE
    Namespace in Imports field not imported from: ‘knitr’
     All declared Imports should be used.
Flavor: r-release-macos-arm64

Version: 0.1.3
Check: LazyData
Result: NOTE
     'LazyData' is specified without a 'data' directory
Flavor: r-release-macos-arm64