CRAN Package Check Results for Package psData

Last updated on 2024-05-25 21:57:08 CEST.

Flavor Version Tinstall Tcheck Ttotal Status Flags
r-devel-linux-x86_64-debian-clang 0.2.2 13.32 104.96 118.28 NOTE
r-devel-linux-x86_64-debian-gcc 0.2.2 10.14 73.90 84.04 NOTE
r-devel-linux-x86_64-fedora-clang 0.2.2 150.75 NOTE
r-devel-linux-x86_64-fedora-gcc 0.2.2 145.25 NOTE
r-devel-windows-x86_64 0.2.2 10.00 80.00 90.00 NOTE
r-patched-linux-x86_64 0.2.2 15.08 97.23 112.31 NOTE
r-release-linux-x86_64 0.2.2 8.16 100.30 108.46 NOTE
r-release-macos-arm64 0.2.2 41.00 NOTE
r-release-windows-x86_64 0.2.2 10.00 80.00 90.00 NOTE
r-oldrel-macos-arm64 0.2.2 48.00 OK
r-oldrel-macos-x86_64 0.2.2 61.00 OK
r-oldrel-windows-x86_64 0.2.2 12.00 90.00 102.00 OK

Check Details

Version: 0.2.2
Check: Rd files
Result: NOTE checkRd: (-1) IMF_WBGet.Rd:57: Lost braces in \itemize; meant \describe ? checkRd: (-1) IMF_WBGet.Rd:58: Lost braces in \itemize; meant \describe ? checkRd: (-1) IMF_WBGet.Rd:59: Lost braces in \itemize; meant \describe ? checkRd: (-1) IMF_WBGet.Rd:60: Lost braces in \itemize; meant \describe ? checkRd: (-1) IMF_WBGet.Rd:61: Lost braces in \itemize; meant \describe ? checkRd: (-1) IMF_WBGet.Rd:62: Lost braces in \itemize; meant \describe ? checkRd: (-1) IMF_WBGet.Rd:63: Lost braces in \itemize; meant \describe ? checkRd: (-1) IMF_WBGet.Rd:64: Lost braces in \itemize; meant \describe ? checkRd: (-1) IMF_WBGet.Rd:65: Lost braces in \itemize; meant \describe ? checkRd: (-1) IMF_WBGet.Rd:66: Lost braces in \itemize; meant \describe ? checkRd: (-1) IMF_WBGet.Rd:67: Lost braces in \itemize; meant \describe ? checkRd: (-1) IMF_WBGet.Rd:68: Lost braces in \itemize; meant \describe ? checkRd: (-1) IMF_WBGet.Rd:69: Lost braces in \itemize; meant \describe ? checkRd: (-1) RRCrisisGet.Rd:37-39: Lost braces in \itemize; \value handles \item{}{} directly checkRd: (-1) RRCrisisGet.Rd:40: Lost braces in \itemize; \value handles \item{}{} directly checkRd: (-1) RRCrisisGet.Rd:41: Lost braces in \itemize; \value handles \item{}{} directly checkRd: (-1) RRCrisisGet.Rd:42: Lost braces in \itemize; \value handles \item{}{} directly checkRd: (-1) RRCrisisGet.Rd:43: Lost braces in \itemize; \value handles \item{}{} directly checkRd: (-1) RRCrisisGet.Rd:44: Lost braces in \itemize; \value handles \item{}{} directly checkRd: (-1) RRCrisisGet.Rd:45: Lost braces in \itemize; \value handles \item{}{} directly checkRd: (-1) RRCrisisGet.Rd:46: Lost braces in \itemize; \value handles \item{}{} directly checkRd: (-1) RRCrisisGet.Rd:47: Lost braces in \itemize; \value handles \item{}{} directly checkRd: (-1) RRCrisisGet.Rd:48: Lost braces in \itemize; \value handles \item{}{} directly checkRd: (-1) RRCrisisGet.Rd:49: Lost braces in \itemize; \value handles \item{}{} directly checkRd: (-1) WinsetCreator.Rd:31: Lost braces in \itemize; \value handles \item{}{} directly checkRd: (-1) WinsetCreator.Rd:32: Lost braces in \itemize; \value handles \item{}{} directly checkRd: (-1) WinsetCreator.Rd:33: Lost braces in \itemize; \value handles \item{}{} directly checkRd: (-1) WinsetCreator.Rd:34: Lost braces in \itemize; \value handles \item{}{} directly checkRd: (-1) WinsetCreator.Rd:35: Lost braces in \itemize; \value handles \item{}{} directly Flavors: r-devel-linux-x86_64-debian-clang, r-devel-linux-x86_64-debian-gcc, r-devel-linux-x86_64-fedora-clang, r-devel-linux-x86_64-fedora-gcc, r-devel-windows-x86_64, r-patched-linux-x86_64, r-release-linux-x86_64, r-release-macos-arm64, r-release-windows-x86_64