CRAN Package Check Results for Package psdr

Last updated on 2021-12-01 22:53:20 CET.

Flavor Version Tinstall Tcheck Ttotal Status Flags
r-devel-linux-x86_64-debian-clang 1.0.1 2.51 60.89 63.40 OK
r-devel-linux-x86_64-debian-gcc 1.0.1 2.39 44.25 46.64 OK
r-devel-linux-x86_64-fedora-clang 1.0.1 86.40 NOTE
r-devel-linux-x86_64-fedora-gcc 1.0.1 74.81 NOTE
r-devel-windows-x86_64-new-UL 1.0.1 10.00 107.00 117.00 OK
r-devel-windows-x86_64-new-TK 1.0.1 NOTE
r-devel-windows-x86_64-old 1.0.1 7.00 65.00 72.00 OK
r-patched-linux-x86_64 1.0.1 2.48 55.93 58.41 OK
r-patched-solaris-x86 1.0.1 73.10 NOTE
r-release-linux-x86_64 1.0.1 3.00 56.42 59.42 OK
r-release-macos-arm64 1.0.1 NOTE
r-release-macos-x86_64 1.0.1 NOTE
r-release-windows-ix86+x86_64 1.0.1 8.00 82.00 90.00 OK
r-oldrel-macos-x86_64 1.0.1 NOTE
r-oldrel-windows-ix86+x86_64 1.0.1 9.00 83.00 92.00 OK

Check Details

Version: 1.0.1
Check: dependencies in R code
Result: NOTE
    Namespaces in Imports field not imported from:
     ‘devtools’ ‘qpdf’
     All declared Imports should be used.
Flavors: r-devel-linux-x86_64-fedora-clang, r-devel-linux-x86_64-fedora-gcc, r-devel-windows-x86_64-new-TK, r-patched-solaris-x86, r-release-macos-arm64, r-release-macos-x86_64, r-oldrel-macos-x86_64