CRAN Package Check Results for Package psfmi

Last updated on 2019-12-10 22:49:44 CET.

Flavor Version Tinstall Tcheck Ttotal Status Flags
r-devel-linux-x86_64-debian-clang 0.1.0 14.23 169.52 183.75 OK
r-devel-linux-x86_64-debian-gcc 0.1.0 11.92 123.88 135.80 OK
r-devel-linux-x86_64-fedora-clang 0.1.0 213.74 NOTE
r-devel-linux-x86_64-fedora-gcc 0.1.0 206.22 NOTE
r-devel-windows-ix86+x86_64 0.1.0 35.00 220.00 255.00 OK
r-devel-windows-ix86+x86_64-gcc8 0.1.0 34.00 235.00 269.00 OK
r-patched-linux-x86_64 0.1.0 11.79 144.73 156.52 OK
r-patched-solaris-x86 0.1.0 292.30 NOTE
r-release-linux-x86_64 0.1.0 11.14 151.96 163.10 OK
r-release-windows-ix86+x86_64 0.1.0 30.00 151.00 181.00 OK
r-release-osx-x86_64 0.1.0 NOTE
r-oldrel-windows-ix86+x86_64 0.1.0 14.00 144.00 158.00 OK
r-oldrel-osx-x86_64 0.1.0 NOTE

Check Details

Version: 0.1.0
Check: dependencies in R code
Result: NOTE
    Namespaces in Imports field not imported from:
     ‘foreign’ ‘mitools’
     All declared Imports should be used.
Flavors: r-devel-linux-x86_64-fedora-clang, r-devel-linux-x86_64-fedora-gcc, r-patched-solaris-x86, r-release-osx-x86_64, r-oldrel-osx-x86_64