CRAN Package Check Results for Package psfmi

Last updated on 2019-08-19 22:47:13 CEST.

Flavor Version Tinstall Tcheck Ttotal Status Flags
r-devel-linux-x86_64-debian-clang 0.1.0 12.45 144.82 157.27 OK
r-devel-linux-x86_64-debian-gcc 0.1.0 10.40 110.68 121.08 OK
r-devel-linux-x86_64-fedora-clang 0.1.0 183.31 NOTE
r-devel-linux-x86_64-fedora-gcc 0.1.0 185.36 NOTE
r-devel-windows-ix86+x86_64 0.1.0 44.00 144.00 188.00 OK
r-patched-linux-x86_64 0.1.0 13.30 143.03 156.33 OK
r-patched-solaris-x86 0.1.0 277.20 NOTE
r-release-linux-x86_64 0.1.0 11.23 142.22 153.45 OK
r-release-windows-ix86+x86_64 0.1.0 28.00 139.00 167.00 OK
r-release-osx-x86_64 0.1.0 NOTE
r-oldrel-windows-ix86+x86_64 0.1.0 31.00 208.00 239.00 OK
r-oldrel-osx-x86_64 0.1.0 NOTE

Check Details

Version: 0.1.0
Check: dependencies in R code
Result: NOTE
    Namespaces in Imports field not imported from:
     ‘foreign’ ‘mitools’
     All declared Imports should be used.
Flavors: r-devel-linux-x86_64-fedora-clang, r-devel-linux-x86_64-fedora-gcc, r-patched-solaris-x86, r-release-osx-x86_64, r-oldrel-osx-x86_64